Last updated on 2023-12-04 18:52:28 CET.
Flavor | Version | Tinstall | Tcheck | Ttotal | Status | Flags |
---|---|---|---|---|---|---|
r-devel-linux-x86_64-debian-clang | 1.4.99 | 10.44 | 116.52 | 126.96 | NOTE | |
r-devel-linux-x86_64-debian-gcc | 1.4.99 | 9.44 | 85.35 | 94.79 | NOTE | |
r-devel-linux-x86_64-fedora-clang | 1.4.99 | 157.34 | OK | |||
r-devel-linux-x86_64-fedora-gcc | 1.4.99 | 157.48 | OK | |||
r-devel-windows-x86_64 | 1.4.99 | 11.00 | 120.00 | 131.00 | OK | |
r-patched-linux-x86_64 | 1.4.99 | 10.74 | 110.49 | 121.23 | OK | |
r-release-linux-x86_64 | 1.4.99 | 13.63 | 107.31 | 120.94 | OK | |
r-release-macos-arm64 | 1.4.99 | 58.00 | OK | |||
r-release-macos-x86_64 | 1.4.99 | 134.00 | OK | |||
r-release-windows-x86_64 | 1.4.99 | 10.00 | 139.00 | 149.00 | OK | |
r-oldrel-macos-arm64 | 1.4.99 | 43.00 | OK | |||
r-oldrel-macos-x86_64 | 1.4.99 | 62.00 | OK | |||
r-oldrel-windows-x86_64 | 1.4.99 | 16.00 | 121.00 | 137.00 | OK |
Version: 1.4.99
Check: Rd files
Result: NOTE
checkRd: (-1) ex.Rd:20: Lost braces
20 | Execute a ops-dag using `code{wrap()}` data as values.
| ^
checkRd: (-1) sql_node.Rd:29: Lost braces; missing escapes or markup?
29 | \item{expand_braces}{logical if TRUE use {col} notation to ensure {col} is a column name.}
| ^
checkRd: (-1) sql_node.Rd:29: Lost braces; missing escapes or markup?
29 | \item{expand_braces}{logical if TRUE use {col} notation to ensure {col} is a column name.}
| ^
Flavors: r-devel-linux-x86_64-debian-clang, r-devel-linux-x86_64-debian-gcc