Last updated on 2023-09-28 08:59:01 CEST.
Flavor | Version | Tinstall | Tcheck | Ttotal | Status | Flags |
---|---|---|---|---|---|---|
r-devel-linux-x86_64-debian-clang | 0.9.22 | 4.49 | 175.00 | 179.49 | OK | |
r-devel-linux-x86_64-debian-gcc | 0.9.22 | 3.86 | 129.11 | 132.97 | OK | |
r-devel-linux-x86_64-fedora-clang | 0.9.22 | 217.15 | NOTE | |||
r-devel-linux-x86_64-fedora-gcc | 0.9.22 | 227.82 | NOTE | |||
r-devel-windows-x86_64 | 0.9.22 | 5.00 | 171.00 | 176.00 | OK | |
r-patched-linux-x86_64 | 0.9.22 | 11.03 | 174.88 | 185.91 | OK | |
r-release-linux-x86_64 | 0.9.22 | 3.10 | 174.17 | 177.27 | OK | |
r-release-macos-arm64 | 0.9.22 | 80.00 | OK | |||
r-release-macos-x86_64 | 0.9.22 | 115.00 | OK | |||
r-release-windows-x86_64 | 0.9.22 | 6.00 | 182.00 | 188.00 | OK | |
r-oldrel-macos-arm64 | 0.9.22 | 61.00 | NOTE | |||
r-oldrel-macos-x86_64 | 0.9.22 | 96.00 | NOTE | |||
r-oldrel-windows-x86_64 | 0.9.22 | 7.00 | 193.00 | 200.00 | OK |
Version: 0.9.22
Check: dependencies in R code
Result: NOTE
Namespace in Imports field not imported from: ‘methods’
All declared Imports should be used.
Flavors: r-devel-linux-x86_64-fedora-clang, r-devel-linux-x86_64-fedora-gcc, r-oldrel-macos-arm64, r-oldrel-macos-x86_64