Last updated on 2023-05-29 20:00:34 CEST.
Flavor | Version | Tinstall | Tcheck | Ttotal | Status | Flags |
---|---|---|---|---|---|---|
r-devel-linux-x86_64-debian-clang | 0.5.1 | 89.98 | 55.98 | 145.96 | OK | |
r-devel-linux-x86_64-debian-gcc | 0.5.1 | 69.46 | 44.38 | 113.84 | OK | |
r-devel-linux-x86_64-fedora-clang | 0.5.1 | 209.17 | OK | |||
r-devel-linux-x86_64-fedora-gcc | 0.5.1 | 208.57 | OK | |||
r-devel-windows-x86_64 | 0.5.1 | 69.00 | 90.00 | 159.00 | NOTE | |
r-patched-linux-x86_64 | 0.5.1 | 82.15 | 54.78 | 136.93 | OK | |
r-release-linux-x86_64 | 0.5.1 | 76.25 | 55.41 | 131.66 | OK | |
r-release-macos-arm64 | 0.5.1 | 55.00 | NOTE | |||
r-release-macos-x86_64 | 0.5.1 | 96.00 | NOTE | |||
r-release-windows-x86_64 | 0.5.1 | 87.00 | 105.00 | 192.00 | NOTE | |
r-oldrel-macos-arm64 | 0.5.1 | 54.00 | NOTE | |||
r-oldrel-macos-x86_64 | 0.5.1 | 67.00 | NOTE | |||
r-oldrel-windows-x86_64 | 0.5.1 | 82.00 | 97.00 | 179.00 | NOTE |
Version: 0.5.1
Check: installed package size
Result: NOTE
installed size is 5.3Mb
sub-directories of 1Mb or more:
data 2.3Mb
libs 1.3Mb
Flavors: r-devel-windows-x86_64, r-release-macos-arm64, r-release-macos-x86_64, r-release-windows-x86_64, r-oldrel-macos-arm64, r-oldrel-macos-x86_64, r-oldrel-windows-x86_64