Last updated on 2024-04-23 19:50:57 CEST.
Flavor | Version | Tinstall | Tcheck | Ttotal | Status | Flags |
---|---|---|---|---|---|---|
r-devel-linux-x86_64-debian-clang | 4.1.23 | 14.13 | 74.19 | 88.32 | OK | |
r-devel-linux-x86_64-debian-gcc | 4.1.23 | 8.97 | 55.57 | 64.54 | OK | |
r-devel-linux-x86_64-fedora-clang | 4.1.23 | 109.39 | NOTE | |||
r-devel-linux-x86_64-fedora-gcc | 4.1.23 | 118.18 | OK | |||
r-prerel-macos-arm64 | 4.1.23 | 44.00 | OK | |||
r-prerel-windows-x86_64 | 4.1.23 | 23.00 | 103.00 | 126.00 | OK | |
r-patched-linux-x86_64 | 4.1.23 | 13.22 | 71.56 | 84.78 | OK | |
r-release-linux-x86_64 | 4.1.23 | 11.91 | 70.90 | 82.81 | OK | |
r-release-macos-arm64 | 4.1.23 | 73.00 | OK | |||
r-release-macos-x86_64 | 4.1.23 | 168.00 | OK | |||
r-release-windows-x86_64 | 4.1.23 | 22.00 | 108.00 | 130.00 | OK | |
r-oldrel-macos-arm64 | 4.1.23 | 61.00 | OK | |||
r-oldrel-windows-x86_64 | 4.1.23 | 26.00 | 110.00 | 136.00 | OK |
Version: 4.1.23
Check: Rd cross-references
Result: NOTE
Undeclared package ‘tree’ in Rd xrefs
Flavor: r-devel-linux-x86_64-fedora-clang