Last updated on 2023-06-04 08:57:20 CEST.
Flavor | Version | Tinstall | Tcheck | Ttotal | Status | Flags |
---|---|---|---|---|---|---|
r-devel-linux-x86_64-debian-clang | 1.1-5.2 | 12.40 | 78.40 | 90.80 | NOTE | |
r-devel-linux-x86_64-debian-gcc | 1.1-5.2 | 12.13 | 57.53 | 69.66 | NOTE | |
r-devel-linux-x86_64-fedora-clang | 1.1-5.2 | 124.64 | NOTE | |||
r-devel-linux-x86_64-fedora-gcc | 1.1-5.2 | 110.81 | NOTE | |||
r-devel-windows-x86_64 | 1.1-5.2 | 10.00 | 80.00 | 90.00 | NOTE | |
r-patched-linux-x86_64 | 1.1-5.2 | 14.11 | 74.26 | 88.37 | NOTE | |
r-release-linux-x86_64 | 1.1-5.2 | 13.08 | 74.94 | 88.02 | NOTE | |
r-release-macos-arm64 | 1.1-5.2 | 34.00 | NOTE | |||
r-release-macos-x86_64 | 1.1-5.2 | 61.00 | NOTE | |||
r-release-windows-x86_64 | 1.1-5.2 | 12.00 | 88.00 | 100.00 | OK | |
r-oldrel-macos-arm64 | 1.1-5.2 | 60.00 | OK | |||
r-oldrel-macos-x86_64 | 1.1-5.2 | 81.00 | OK | |||
r-oldrel-windows-x86_64 | 1.1-5.2 | 15.00 | 86.00 | 101.00 | OK |
Version: 1.1-5.2
Check: package dependencies
Result: NOTE
Package suggested but not available for checking: ‘RandomFields’
Flavors: r-devel-linux-x86_64-debian-clang, r-devel-linux-x86_64-debian-gcc, r-devel-linux-x86_64-fedora-clang, r-devel-linux-x86_64-fedora-gcc, r-devel-windows-x86_64, r-patched-linux-x86_64, r-release-linux-x86_64, r-release-macos-arm64, r-release-macos-x86_64