Last updated on 2024-04-26 19:49:23 CEST.
Flavor | Version | Tinstall | Tcheck | Ttotal | Status | Flags |
---|---|---|---|---|---|---|
r-devel-linux-x86_64-debian-clang | 3.5.1 | 232.74 | 780.20 | 1012.94 | OK | |
r-devel-linux-x86_64-debian-gcc | 3.5.1 | 183.71 | 561.60 | 745.31 | OK | |
r-devel-linux-x86_64-fedora-clang | 3.5.1 | 1261.75 | NOTE | |||
r-devel-linux-x86_64-fedora-gcc | 3.5.1 | 1232.70 | OK | |||
r-devel-windows-x86_64 | 3.5.1 | 169.00 | 595.00 | 764.00 | NOTE | |
r-patched-linux-x86_64 | 3.5.1 | 231.53 | 754.95 | 986.48 | OK | |
r-release-linux-x86_64 | 3.5.1 | 200.82 | 741.17 | 941.99 | OK | |
r-release-macos-arm64 | 3.5.1 | 324.00 | NOTE | |||
r-release-macos-x86_64 | 3.5.1 | 795.00 | NOTE | |||
r-release-windows-x86_64 | 3.5.1 | 171.00 | 595.00 | 766.00 | NOTE | |
r-oldrel-macos-arm64 | 3.5.1 | 238.00 | NOTE | |||
r-oldrel-macos-x86_64 | 3.5.1 | 707.00 | NOTE | |||
r-oldrel-windows-x86_64 | 3.5.1 | 225.00 | 742.00 | 967.00 | NOTE |
Version: 3.5.1
Check: installed package size
Result: NOTE
installed size is 6.5Mb
sub-directories of 1Mb or more:
R 4.2Mb
libs 1.1Mb
Flavors: r-devel-linux-x86_64-fedora-clang, r-devel-windows-x86_64, r-release-macos-arm64, r-release-macos-x86_64, r-release-windows-x86_64, r-oldrel-macos-arm64, r-oldrel-macos-x86_64, r-oldrel-windows-x86_64