Last updated on 2024-04-19 19:50:25 CEST.
Flavor | Version | Tinstall | Tcheck | Ttotal | Status | Flags |
---|---|---|---|---|---|---|
r-devel-linux-x86_64-debian-clang | 0.3.12 | 17.15 | 120.57 | 137.72 | OK | |
r-devel-linux-x86_64-debian-gcc | 0.3.12 | OK | ||||
r-devel-linux-x86_64-fedora-clang | 0.3.12 | 175.16 | OK | |||
r-devel-linux-x86_64-fedora-gcc | 0.3.12 | 171.74 | OK | |||
r-prerel-macos-arm64 | 0.3.12 | 48.00 | OK | |||
r-prerel-windows-x86_64 | 0.3.12 | 15.00 | 110.00 | 125.00 | OK | |
r-patched-linux-x86_64 | 0.3.12 | 21.58 | 110.12 | 131.70 | OK | |
r-release-linux-x86_64 | 0.3.12 | 12.60 | 110.28 | 122.88 | OK | |
r-release-macos-arm64 | 0.3.12 | 48.00 | OK | |||
r-release-macos-x86_64 | 0.3.12 | 73.00 | NOTE | |||
r-release-windows-x86_64 | 0.3.12 | 19.00 | 133.00 | 152.00 | OK | |
r-oldrel-macos-arm64 | 0.3.12 | 33.00 | OK | |||
r-oldrel-windows-x86_64 | 0.3.12 | 19.00 | 132.00 | 151.00 | OK |
Version: 0.3.12
Check: package dependencies
Result: NOTE
Package suggested but not available for checking: ‘MBESS’
Flavor: r-release-macos-x86_64