Last updated on 2023-06-04 08:57:20 CEST.
Flavor | Version | Tinstall | Tcheck | Ttotal | Status | Flags |
---|---|---|---|---|---|---|
r-devel-linux-x86_64-debian-clang | 0.9.13 | 29.96 | 62.34 | 92.30 | NOTE | |
r-devel-linux-x86_64-debian-gcc | 0.9.13 | 21.39 | 48.61 | 70.00 | NOTE | |
r-devel-linux-x86_64-fedora-clang | 0.9.13 | 123.00 | NOTE | |||
r-devel-linux-x86_64-fedora-gcc | 0.9.13 | 131.60 | NOTE | |||
r-devel-windows-x86_64 | 0.9.13 | 26.00 | 94.00 | 120.00 | NOTE | |
r-patched-linux-x86_64 | 0.9.13 | 30.33 | 60.28 | 90.61 | NOTE | |
r-release-linux-x86_64 | 0.9.13 | 23.54 | 61.54 | 85.08 | NOTE | |
r-release-macos-arm64 | 0.9.13 | 48.00 | NOTE | |||
r-release-macos-x86_64 | 0.9.12 | 89.00 | NOTE | |||
r-release-windows-x86_64 | 0.9.13 | 32.00 | 105.00 | 137.00 | NOTE | |
r-oldrel-macos-arm64 | 0.9.13 | 44.00 | NOTE | |||
r-oldrel-macos-x86_64 | 0.9.13 | 55.00 | NOTE | |||
r-oldrel-windows-x86_64 | 0.9.13 | 28.00 | 104.00 | 132.00 | NOTE |
Version: 0.9.13
Check: for GNU extensions in Makefiles
Result: NOTE
GNU make is a SystemRequirements.
Flavors: r-devel-linux-x86_64-debian-clang, r-devel-linux-x86_64-debian-gcc, r-devel-linux-x86_64-fedora-clang, r-devel-linux-x86_64-fedora-gcc, r-devel-windows-x86_64, r-patched-linux-x86_64, r-release-linux-x86_64, r-release-macos-arm64, r-release-windows-x86_64, r-oldrel-macos-arm64, r-oldrel-macos-x86_64, r-oldrel-windows-x86_64
Version: 0.9.12
Check: for GNU extensions in Makefiles
Result: NOTE
GNU make is a SystemRequirements.
Flavor: r-release-macos-x86_64