Last updated on 2023-06-08 08:55:32 CEST.
Flavor | Version | Tinstall | Tcheck | Ttotal | Status | Flags |
---|---|---|---|---|---|---|
r-devel-linux-x86_64-debian-clang | 1.1.6 | 56.14 | 31.53 | 87.67 | NOTE | |
r-devel-linux-x86_64-debian-gcc | 1.1.6 | 56.10 | 24.99 | 81.09 | NOTE | |
r-devel-linux-x86_64-fedora-clang | 1.1.6 | 125.21 | NOTE | |||
r-devel-linux-x86_64-fedora-gcc | 1.1.6 | 138.16 | NOTE | |||
r-devel-windows-x86_64 | 1.1.6 | 47.00 | 73.00 | 120.00 | NOTE | |
r-patched-linux-x86_64 | 1.1.6 | 53.46 | 31.18 | 84.64 | NOTE | |
r-release-linux-x86_64 | 1.1.6 | 53.25 | 30.90 | 84.15 | NOTE | |
r-release-macos-arm64 | 1.1.6 | 37.00 | NOTE | |||
r-release-macos-x86_64 | 1.1.6 | 70.00 | NOTE | |||
r-release-windows-x86_64 | 1.1.6 | 62.00 | 82.00 | 144.00 | NOTE | |
r-oldrel-macos-arm64 | 1.1.6 | 38.00 | NOTE | |||
r-oldrel-macos-x86_64 | 1.1.6 | 47.00 | NOTE | |||
r-oldrel-windows-x86_64 | 1.1.6 | 58.00 | 78.00 | 136.00 | NOTE |
Version: 1.1.6
Check: C++ specification
Result: NOTE
Specified C++11: please drop specification unless essential
Flavors: r-devel-linux-x86_64-debian-clang, r-devel-linux-x86_64-debian-gcc, r-devel-linux-x86_64-fedora-clang, r-devel-linux-x86_64-fedora-gcc, r-devel-windows-x86_64, r-patched-linux-x86_64, r-release-linux-x86_64, r-release-macos-arm64, r-release-macos-x86_64, r-release-windows-x86_64
Version: 1.1.6
Check: for GNU extensions in Makefiles
Result: NOTE
GNU make is a SystemRequirements.
Flavors: r-devel-linux-x86_64-debian-clang, r-devel-linux-x86_64-debian-gcc, r-devel-linux-x86_64-fedora-clang, r-devel-linux-x86_64-fedora-gcc, r-devel-windows-x86_64, r-patched-linux-x86_64, r-release-linux-x86_64, r-release-macos-arm64, r-release-macos-x86_64, r-release-windows-x86_64, r-oldrel-macos-arm64, r-oldrel-macos-x86_64, r-oldrel-windows-x86_64
Version: 1.1.6
Check: installed package size
Result: NOTE
installed size is 5.7Mb
sub-directories of 1Mb or more:
libs 5.5Mb
Flavors: r-release-macos-arm64, r-release-macos-x86_64, r-oldrel-macos-arm64, r-oldrel-macos-x86_64