Last updated on 2023-10-01 08:52:09 CEST.
Flavor | Version | Tinstall | Tcheck | Ttotal | Status | Flags |
---|---|---|---|---|---|---|
r-devel-linux-x86_64-debian-clang | 0.6.7 | 10.72 | 189.66 | 200.38 | OK | |
r-devel-linux-x86_64-debian-gcc | 0.6.7 | 10.50 | 140.44 | 150.94 | OK | |
r-devel-linux-x86_64-fedora-clang | 0.6.7 | 251.43 | OK | |||
r-devel-linux-x86_64-fedora-gcc | 0.6.7 | 272.62 | OK | |||
r-devel-windows-x86_64 | 0.6.7 | 11.00 | 180.00 | 191.00 | OK | |
r-patched-linux-x86_64 | 0.6.7 | 8.84 | 178.42 | 187.26 | OK | |
r-release-linux-x86_64 | 0.6.7 | 7.43 | 183.48 | 190.91 | OK | |
r-release-macos-arm64 | 0.6.7 | 78.00 | OK | |||
r-release-macos-x86_64 | 0.6.7 | 129.00 | NOTE | |||
r-release-windows-x86_64 | 0.6.7 | 15.00 | 215.00 | 230.00 | OK | |
r-oldrel-macos-arm64 | 0.6.7 | 69.00 | OK | |||
r-oldrel-macos-x86_64 | 0.6.7 | 83.00 | OK | |||
r-oldrel-windows-x86_64 | 0.6.7 | 16.00 | 198.00 | 214.00 | OK |
Version: 0.6.7
Check: package dependencies
Result: NOTE
Package suggested but not available for checking: ‘XLConnect’
Flavor: r-release-macos-x86_64