Last updated on 2024-03-28 07:53:01 CET.
Flavor | Version | Tinstall | Tcheck | Ttotal | Status | Flags |
---|---|---|---|---|---|---|
r-devel-linux-x86_64-debian-clang | 3.3-1 | 86.12 | 373.73 | 459.85 | OK | |
r-devel-linux-x86_64-debian-gcc | 3.3-1 | 57.58 | 277.59 | 335.17 | OK | |
r-devel-linux-x86_64-fedora-clang | 3.3-1 | 559.96 | OK | |||
r-devel-linux-x86_64-fedora-gcc | 3.3-1 | 578.34 | OK | |||
r-devel-windows-x86_64 | 3.3-1 | 63.00 | 329.00 | 392.00 | NOTE | |
r-patched-linux-x86_64 | 3.3-1 | 86.93 | 364.99 | 451.92 | OK | |
r-release-linux-x86_64 | 3.3-1 | 56.43 | 370.64 | 427.07 | OK | |
r-release-macos-arm64 | 3.3-1 | 173.00 | NOTE | |||
r-release-macos-x86_64 | 3.3-1 | 321.00 | NOTE | |||
r-release-windows-x86_64 | 3.3-1 | 79.00 | 412.00 | 491.00 | NOTE | |
r-oldrel-macos-arm64 | 3.3-1 | 194.00 | NOTE | |||
r-oldrel-windows-x86_64 | 3.3-1 | 79.00 | 408.00 | 487.00 | NOTE |
Version: 3.3-1
Check: installed package size
Result: NOTE
installed size is 5.3Mb
sub-directories of 1Mb or more:
doc 1.7Mb
libs 1.3Mb
simulationStudy 1.6Mb
Flavors: r-devel-windows-x86_64, r-release-macos-arm64, r-release-macos-x86_64, r-release-windows-x86_64, r-oldrel-macos-arm64, r-oldrel-windows-x86_64