Last updated on 2023-05-30 09:00:46 CEST.
Flavor | Version | Tinstall | Tcheck | Ttotal | Status | Flags |
---|---|---|---|---|---|---|
r-devel-linux-x86_64-debian-clang | 1.1 | 49.85 | 40.97 | 90.82 | OK | |
r-devel-linux-x86_64-debian-gcc | 1.1 | 38.66 | 32.09 | 70.75 | OK | |
r-devel-linux-x86_64-fedora-clang | 1.1 | 123.72 | OK | |||
r-devel-linux-x86_64-fedora-gcc | 1.1 | 125.72 | OK | |||
r-devel-windows-x86_64 | 1.1 | 38.00 | 82.00 | 120.00 | NOTE | |
r-patched-linux-x86_64 | 1.1 | 40.63 | 40.00 | 80.63 | OK | |
r-release-linux-x86_64 | 1.1 | 43.23 | 39.90 | 83.13 | OK | |
r-release-macos-arm64 | 1.1 | 38.00 | NOTE | |||
r-release-macos-x86_64 | 1.1 | 54.00 | OK | |||
r-release-windows-x86_64 | 1.1 | 47.00 | 85.00 | 132.00 | NOTE | |
r-oldrel-macos-arm64 | 1.1 | 38.00 | NOTE | |||
r-oldrel-macos-x86_64 | 1.1 | 47.00 | NOTE | |||
r-oldrel-windows-x86_64 | 1.1 | 46.00 | 83.00 | 129.00 | OK |
Version: 1.1
Check: C++ specification
Result: NOTE
Specified C++11: please drop specification unless essential
Flavors: r-devel-windows-x86_64, r-release-windows-x86_64
Version: 1.1
Check: installed package size
Result: NOTE
installed size is 5.1Mb
sub-directories of 1Mb or more:
libs 4.7Mb
Flavors: r-release-macos-arm64, r-oldrel-macos-arm64, r-oldrel-macos-x86_64