Last updated on 2024-03-28 19:48:43 CET.
Flavor | Version | Tinstall | Tcheck | Ttotal | Status | Flags |
---|---|---|---|---|---|---|
r-devel-linux-x86_64-debian-clang | 1.2 | 220.85 | 30.67 | 251.52 | OK | |
r-devel-linux-x86_64-debian-gcc | 1.2 | 163.52 | 23.36 | 186.88 | OK | |
r-devel-linux-x86_64-fedora-clang | 1.2 | 379.71 | OK | |||
r-devel-linux-x86_64-fedora-gcc | 1.2 | 369.28 | OK | |||
r-devel-windows-x86_64 | 1.2 | 157.00 | 67.00 | 224.00 | OK | |
r-patched-linux-x86_64 | 1.2 | 204.69 | 29.84 | 234.53 | OK | |
r-release-linux-x86_64 | 1.2 | 219.10 | 29.75 | 248.85 | OK | |
r-release-macos-arm64 | 1.2 | 68.00 | NOTE | |||
r-release-macos-x86_64 | 1.2 | 87.00 | NOTE | |||
r-release-windows-x86_64 | 1.2 | 195.00 | 72.00 | 267.00 | OK | |
r-oldrel-macos-arm64 | 1.2 | 68.00 | NOTE | |||
r-oldrel-windows-x86_64 | 1.2 | 188.00 | 76.00 | 264.00 | OK |
Version: 1.2
Check: installed package size
Result: NOTE
installed size is 6.9Mb
sub-directories of 1Mb or more:
libs 6.8Mb
Flavors: r-release-macos-arm64, r-release-macos-x86_64, r-oldrel-macos-arm64