Last updated on 2024-04-19 07:56:53 CEST.
Flavor | Version | Tinstall | Tcheck | Ttotal | Status | Flags |
---|---|---|---|---|---|---|
r-devel-linux-x86_64-debian-clang | 1.2-3 | 31.21 | 116.75 | 147.96 | OK | |
r-devel-linux-x86_64-debian-gcc | 1.2-3 | OK | ||||
r-devel-linux-x86_64-fedora-clang | 1.2-3 | 189.14 | OK | |||
r-devel-linux-x86_64-fedora-gcc | 1.2-3 | 195.47 | OK | |||
r-prerel-macos-arm64 | 1.2-3 | 56.00 | OK | |||
r-prerel-windows-x86_64 | 1.2-3 | 27.00 | 112.00 | 139.00 | OK | |
r-patched-linux-x86_64 | 1.2-3 | 27.28 | 109.65 | 136.93 | OK | |
r-release-linux-x86_64 | 1.2-3 | 29.88 | 108.41 | 138.29 | OK | |
r-release-macos-arm64 | 1.2-3 | 55.00 | OK | |||
r-release-macos-x86_64 | 1.2-3 | 91.00 | NOTE | |||
r-release-windows-x86_64 | 1.2-3 | 36.00 | 138.00 | 174.00 | OK | |
r-oldrel-macos-arm64 | 1.2-3 | 58.00 | OK | |||
r-oldrel-windows-x86_64 | 1.2-3 | 34.00 | 135.00 | 169.00 | OK |
Version: 1.2-3
Check: package dependencies
Result: NOTE
Package suggested but not available for checking: ‘robustbase’
Flavor: r-release-macos-x86_64