CRAN Package Check Results for Package robflreg

Last updated on 2023-05-29 08:55:09 CEST.

Flavor Version Tinstall Tcheck Ttotal Status Flags
r-devel-linux-x86_64-debian-clang 1.1 20.50 245.18 265.68 OK
r-devel-linux-x86_64-debian-gcc 1.1 13.88 180.93 194.81 OK
r-devel-linux-x86_64-fedora-clang 1.1 352.16 OK
r-devel-linux-x86_64-fedora-gcc 1.1 352.42 OK
r-devel-windows-x86_64 1.1 19.00 210.00 229.00 OK
r-patched-linux-x86_64 1.1 19.54 228.12 247.66 OK
r-release-linux-x86_64 1.1 14.37 230.99 245.36 OK
r-release-macos-arm64 1.1 124.00 OK
r-release-macos-x86_64 1.1 166.00 NOTE
r-release-windows-x86_64 1.1 25.00 249.00 274.00 OK
r-oldrel-macos-arm64 1.1 104.00 OK
r-oldrel-macos-x86_64 1.1 137.00 OK
r-oldrel-windows-x86_64 1.1 24.00 254.00 278.00 OK

Check Details

Version: 1.1
Check: re-building of vignette outputs
Result: NOTE
    Error(s) in re-building vignettes:
    --- re-building ‘robflreg.Rnw’ using Sweave
    Loading required package: fda
    Loading required package: splines
    Loading required package: fds
    Loading required package: rainbow
    Loading required package: MASS
    Loading required package: pcaPP
    Loading required package: RCurl
    Loading required package: deSolve
    
    Attaching package: ‘fda’
    
    The following object is masked from ‘package:graphics’:
    
     matplot
    
    Loading required package: robustbase
    Loading required package: mgcv
    Loading required package: nlme
    This is mgcv 1.8-42. For overview type 'help("mgcv-package")'.
     fda.usc is running sequentially usign foreach package
     Please, execute ops.fda.usc() once to run in local parallel mode
     Deprecated functions: min.basis, min.np, anova.hetero, anova.onefactor, anova.RPm
     New functions: optim.basis, optim.np, fanova.hetero, fanova.onefactor, fanova.RPm
    ----------------------------------------------------------------------------------
    
    Error: processing vignette 'robflreg.Rnw' failed with diagnostics:
    Running 'texi2dvi' on 'robflreg.tex' failed.
    LaTeX errors:
    ! LaTeX Error: File `animate.sty' not found.
    
    Type X to quit or <RETURN> to proceed,
    or enter new name. (Default extension: sty)
    
    ! Emergency stop.
    <read *>
    
    l.4 \usepackage
     [utf8]{inputenc}^^M
    ! ==> Fatal error occurred, no output PDF file produced!
    --- failed re-building ‘robflreg.Rnw’
    
    SUMMARY: processing the following file failed:
     ‘robflreg.Rnw’
    
    Error: Vignette re-building failed.
    Execution halted
Flavor: r-release-macos-x86_64