Last updated on 2023-09-25 20:08:58 CEST.
Flavor | Version | Tinstall | Tcheck | Ttotal | Status | Flags |
---|---|---|---|---|---|---|
r-devel-linux-x86_64-debian-clang | 1.4.3 | 12.17 | 210.45 | 222.62 | OK | |
r-devel-linux-x86_64-debian-gcc | 1.4.3 | 9.44 | 155.02 | 164.46 | OK | |
r-devel-linux-x86_64-fedora-clang | 1.4.3 | 269.14 | NOTE | |||
r-devel-linux-x86_64-fedora-gcc | 1.4.3 | 274.91 | OK | |||
r-devel-windows-x86_64 | 1.4.3 | 12.00 | 174.00 | 186.00 | NOTE | |
r-patched-linux-x86_64 | 1.4.3 | 11.17 | 200.39 | 211.56 | OK | |
r-release-linux-x86_64 | 1.4.3 | 7.79 | 203.71 | 211.50 | OK | |
r-release-macos-arm64 | 1.4.3 | 81.00 | NOTE | |||
r-release-macos-x86_64 | 1.4.3 | 136.00 | NOTE | |||
r-release-windows-x86_64 | 1.4.3 | 15.00 | 216.00 | 231.00 | NOTE | |
r-oldrel-macos-arm64 | 1.4.3 | 75.00 | NOTE | |||
r-oldrel-macos-x86_64 | 1.4.3 | 134.00 | NOTE | |||
r-oldrel-windows-x86_64 | 1.4.3 | 16.00 | 210.00 | 226.00 | NOTE |
Version: 1.4.3
Check: installed package size
Result: NOTE
installed size is 5.2Mb
sub-directories of 1Mb or more:
data 2.9Mb
doc 1.7Mb
Flavors: r-devel-linux-x86_64-fedora-clang, r-devel-windows-x86_64, r-release-macos-arm64, r-release-macos-x86_64, r-release-windows-x86_64, r-oldrel-macos-arm64, r-oldrel-macos-x86_64, r-oldrel-windows-x86_64