Last updated on 2024-04-19 19:50:25 CEST.
Flavor | Version | Tinstall | Tcheck | Ttotal | Status | Flags |
---|---|---|---|---|---|---|
r-devel-linux-x86_64-debian-clang | 1.1.1 | 29.05 | 444.00 | 473.05 | NOTE | |
r-devel-linux-x86_64-debian-gcc | 1.1.1 | NOTE | ||||
r-devel-linux-x86_64-fedora-clang | 1.1.1 | 589.30 | NOTE | |||
r-devel-linux-x86_64-fedora-gcc | 1.1.1 | 571.58 | NOTE | |||
r-prerel-macos-arm64 | 1.1.1 | 128.00 | NOTE | |||
r-prerel-windows-x86_64 | 1.1.1 | 24.00 | 269.00 | 293.00 | NOTE | |
r-patched-linux-x86_64 | 1.1.1 | 29.95 | 429.67 | 459.62 | NOTE | |
r-release-linux-x86_64 | 1.1.1 | 27.21 | 410.28 | 437.49 | OK | |
r-release-macos-arm64 | 1.1.1 | 118.00 | OK | |||
r-release-macos-x86_64 | 1.1.1 | 339.00 | OK | |||
r-release-windows-x86_64 | 1.1.1 | 34.00 | 361.00 | 395.00 | OK | |
r-oldrel-macos-arm64 | 1.1.1 | 103.00 | OK | |||
r-oldrel-windows-x86_64 | 1.1.1 | 34.00 | 372.00 | 406.00 | OK |
Version: 1.1.1
Check: Rd files
Result: NOTE
checkRd: (-1) projectRoads.Rd:116-117: Lost braces in \itemize; meant \describe ?
checkRd: (-1) projectRoads.Rd:118-120: Lost braces in \itemize; meant \describe ?
checkRd: (-1) projectRoads.Rd:121-125: Lost braces in \itemize; meant \describe ?
checkRd: (-1) projectRoads.Rd:126-128: Lost braces in \itemize; meant \describe ?
checkRd: (-1) projectRoads.Rd:98: Lost braces in \itemize; \value handles \item{}{} directly
checkRd: (-1) projectRoads.Rd:99-100: Lost braces in \itemize; \value handles \item{}{} directly
checkRd: (-1) projectRoads.Rd:101: Lost braces in \itemize; \value handles \item{}{} directly
checkRd: (-1) projectRoads.Rd:102: Lost braces in \itemize; \value handles \item{}{} directly
checkRd: (-1) projectRoads.Rd:103-106: Lost braces in \itemize; \value handles \item{}{} directly
Flavors: r-devel-linux-x86_64-debian-clang, r-devel-linux-x86_64-debian-gcc, r-devel-linux-x86_64-fedora-clang, r-devel-linux-x86_64-fedora-gcc, r-prerel-macos-arm64, r-prerel-windows-x86_64, r-patched-linux-x86_64