Last updated on 2023-09-22 19:54:42 CEST.
Flavor | Version | Tinstall | Tcheck | Ttotal | Status | Flags |
---|---|---|---|---|---|---|
r-devel-linux-x86_64-debian-clang | 5.2.1-23 | 269.33 | 64.19 | 333.52 | NOTE | |
r-devel-linux-x86_64-debian-gcc | 5.2.1-23 | 216.93 | 45.30 | 262.23 | NOTE | |
r-devel-linux-x86_64-fedora-clang | 5.2.1-23 | 457.05 | NOTE | |||
r-devel-linux-x86_64-fedora-gcc | 5.2.1-23 | 519.41 | NOTE | |||
r-devel-windows-x86_64 | 5.2.1-23 | 267.00 | 95.00 | 362.00 | WARN | |
r-patched-linux-x86_64 | 5.2.1-23 | 255.25 | 61.41 | 316.66 | NOTE | |
r-release-linux-x86_64 | 5.2.1-23 | 262.06 | 60.76 | 322.82 | NOTE | |
r-release-macos-arm64 | 5.2.1-23 | 166.00 | NOTE | |||
r-release-macos-x86_64 | 5.2.1-23 | 282.00 | NOTE | |||
r-release-windows-x86_64 | 5.2.1-23 | 258.00 | 119.00 | 377.00 | WARN | |
r-oldrel-macos-arm64 | 5.2.1-23 | 224.00 | NOTE | |||
r-oldrel-macos-x86_64 | 5.2.1-23 | 181.00 | NOTE | |||
r-oldrel-windows-x86_64 | 5.2.1-23 | 339.00 | 107.00 | 446.00 | NOTE |
Version: 5.2.1-23
Check: for GNU extensions in Makefiles
Result: NOTE
GNU make is a SystemRequirements.
Flavors: r-devel-linux-x86_64-debian-clang, r-devel-linux-x86_64-debian-gcc, r-devel-linux-x86_64-fedora-clang, r-devel-linux-x86_64-fedora-gcc, r-devel-windows-x86_64, r-patched-linux-x86_64, r-release-linux-x86_64, r-release-macos-arm64, r-release-macos-x86_64, r-release-windows-x86_64, r-oldrel-macos-arm64, r-oldrel-macos-x86_64, r-oldrel-windows-x86_64
Version: 5.2.1-23
Check: whether package can be installed
Result: WARN
Found the following significant warnings:
common_stub.c:74:1: warning: function declaration isn't a prototype [-Wstrict-prototypes]
See 'd:/Rcompile/CRANpkg/local/4.4/rmumps.Rcheck/00install.out' for details.
* used C compiler: 'gcc.exe (GCC) 12.2.0'
* used C++ compiler: 'g++.exe (GCC) 12.2.0'
Flavor: r-devel-windows-x86_64
Version: 5.2.1-23
Check: installed package size
Result: NOTE
installed size is 12.8Mb
sub-directories of 1Mb or more:
libs 12.5Mb
Flavors: r-release-macos-arm64, r-release-macos-x86_64, r-oldrel-macos-arm64, r-oldrel-macos-x86_64
Version: 5.2.1-23
Check: whether package can be installed
Result: WARN
Found the following significant warnings:
common_stub.c:74:1: warning: function declaration isn't a prototype [-Wstrict-prototypes]
See 'd:/Rcompile/CRANpkg/local/4.3/rmumps.Rcheck/00install.out' for details.
* used C compiler: 'gcc.exe (GCC) 12.2.0'
* used C++ compiler: 'g++.exe (GCC) 12.2.0'
Flavor: r-release-windows-x86_64