Last updated on 2024-04-24 07:57:52 CEST.
Flavor | Version | Tinstall | Tcheck | Ttotal | Status | Flags |
---|---|---|---|---|---|---|
r-devel-linux-x86_64-debian-clang | 5.2.1-29 | 367.18 | 64.71 | 431.89 | NOTE | |
r-devel-linux-x86_64-debian-gcc | 5.2.1-29 | 237.48 | 46.26 | 283.74 | NOTE | |
r-devel-linux-x86_64-fedora-clang | 5.2.1-29 | 562.03 | NOTE | |||
r-devel-linux-x86_64-fedora-gcc | 5.2.1-29 | 518.87 | NOTE | |||
r-prerel-macos-arm64 | 5.2.1-29 | 151.00 | NOTE | |||
r-prerel-macos-x86_64 | 5.2.1-29 | 182.00 | NOTE | |||
r-prerel-windows-x86_64 | 5.2.1-29 | 297.00 | 102.00 | 399.00 | NOTE | |
r-patched-linux-x86_64 | 5.2.1-29 | 272.44 | 59.79 | 332.23 | NOTE | |
r-release-linux-x86_64 | 5.2.1-29 | 277.53 | 60.20 | 337.73 | NOTE | |
r-release-macos-arm64 | 5.2.1-29 | 162.00 | NOTE | |||
r-release-macos-x86_64 | 5.2.1-29 | 167.00 | NOTE | |||
r-release-windows-x86_64 | 5.2.1-29 | 270.00 | 124.00 | 394.00 | NOTE | |
r-oldrel-macos-arm64 | 5.2.1-29 | 219.00 | NOTE | |||
r-oldrel-windows-x86_64 | 5.2.1-29 | 354.00 | 109.00 | 463.00 | NOTE |
Version: 5.2.1-29
Check: for GNU extensions in Makefiles
Result: NOTE
GNU make is a SystemRequirements.
Flavors: r-devel-linux-x86_64-debian-clang, r-devel-linux-x86_64-debian-gcc, r-devel-linux-x86_64-fedora-clang, r-devel-linux-x86_64-fedora-gcc, r-prerel-macos-arm64, r-prerel-macos-x86_64, r-prerel-windows-x86_64, r-patched-linux-x86_64, r-release-linux-x86_64, r-release-macos-arm64, r-release-macos-x86_64, r-release-windows-x86_64, r-oldrel-macos-arm64, r-oldrel-windows-x86_64
Version: 5.2.1-29
Check: installed package size
Result: NOTE
installed size is 12.2Mb
sub-directories of 1Mb or more:
libs 11.9Mb
Flavors: r-prerel-macos-arm64, r-prerel-macos-x86_64, r-release-macos-arm64, r-release-macos-x86_64, r-oldrel-macos-arm64