Last updated on 2025-01-24 19:48:39 CET.
Flavor | Version | Tinstall | Tcheck | Ttotal | Status | Flags |
---|---|---|---|---|---|---|
r-devel-linux-x86_64-debian-clang | 5.2.1-30 | 293.68 | 44.30 | 337.98 | OK | |
r-devel-linux-x86_64-debian-gcc | 5.2.1-30 | 160.50 | 33.06 | 193.56 | OK | |
r-devel-linux-x86_64-fedora-clang | 5.2.1-30 | 543.97 | OK | |||
r-devel-linux-x86_64-fedora-gcc | 5.2.1-30 | 528.31 | OK | |||
r-devel-windows-x86_64 | 5.2.1-30 | 276.00 | 113.00 | 389.00 | OK | |
r-patched-linux-x86_64 | 5.2.1-30 | 227.97 | 43.09 | 271.06 | NOTE | |
r-release-linux-x86_64 | 5.2.1-30 | 225.54 | 43.58 | 269.12 | NOTE | |
r-release-macos-arm64 | 5.2.1-30 | 205.00 | NOTE | |||
r-release-macos-x86_64 | 5.2.1-30 | 182.00 | NOTE | |||
r-release-windows-x86_64 | 5.2.1-30 | 302.00 | 93.00 | 395.00 | NOTE | |
r-oldrel-macos-arm64 | 5.2.1-30 | 209.00 | NOTE | |||
r-oldrel-macos-x86_64 | 5.2.1-30 | 180.00 | NOTE | |||
r-oldrel-windows-x86_64 | 5.2.1-30 | 269.00 | 118.00 | 387.00 | NOTE |
Version: 5.2.1-30
Check: for GNU extensions in Makefiles
Result: NOTE
GNU make is a SystemRequirements.
Flavors: r-patched-linux-x86_64, r-release-linux-x86_64, r-release-macos-arm64, r-release-macos-x86_64, r-release-windows-x86_64, r-oldrel-macos-arm64, r-oldrel-macos-x86_64, r-oldrel-windows-x86_64
Version: 5.2.1-30
Check: installed package size
Result: NOTE
installed size is 12.2Mb
sub-directories of 1Mb or more:
libs 11.9Mb
Flavors: r-release-macos-arm64, r-release-macos-x86_64, r-oldrel-macos-arm64, r-oldrel-macos-x86_64