Last updated on 2023-12-02 07:50:33 CET.
Flavor | Version | Tinstall | Tcheck | Ttotal | Status | Flags |
---|---|---|---|---|---|---|
r-devel-linux-x86_64-debian-clang | 1.3.5 | 13.90 | 197.32 | 211.22 | NOTE | |
r-devel-linux-x86_64-debian-gcc | 1.3.5 | 10.44 | 140.09 | 150.53 | NOTE | |
r-devel-linux-x86_64-fedora-clang | 1.3.5 | 250.99 | OK | |||
r-devel-linux-x86_64-fedora-gcc | 1.3.5 | 261.36 | OK | |||
r-devel-windows-x86_64 | 1.3.5 | 11.00 | 115.00 | 126.00 | OK | |
r-patched-linux-x86_64 | 1.3.5 | 12.34 | 187.57 | 199.91 | OK | |
r-release-linux-x86_64 | 1.3.5 | 12.69 | 179.68 | 192.37 | OK | |
r-release-macos-arm64 | 1.3.5 | 70.00 | OK | |||
r-release-macos-x86_64 | 1.3.5 | 89.00 | OK | |||
r-release-windows-x86_64 | 1.3.5 | 17.00 | 138.00 | 155.00 | OK | |
r-oldrel-macos-arm64 | 1.3.5 | 58.00 | OK | |||
r-oldrel-macos-x86_64 | 1.3.5 | 76.00 | OK | |||
r-oldrel-windows-x86_64 | 1.3.5 | 14.00 | 136.00 | 150.00 | OK |
Version: 1.3.5
Check: Rd files
Result: NOTE
checkRd: (-1) plot.mcfs.Rd:24: Lost braces; missing escapes or markup?
24 | \item\code{ri} {plots top features set with their RIs as well as max RI obtained from permutation experiments. Red color denotes important features.}
| ^
Flavors: r-devel-linux-x86_64-debian-clang, r-devel-linux-x86_64-debian-gcc