Last updated on 2024-03-28 07:53:01 CET.
Flavor | Version | Tinstall | Tcheck | Ttotal | Status | Flags |
---|---|---|---|---|---|---|
r-devel-linux-x86_64-debian-clang | 0.1.3 | 47.96 | 54.33 | 102.29 | NOTE | |
r-devel-linux-x86_64-debian-gcc | 0.1.3 | 33.50 | 39.63 | 73.13 | NOTE | |
r-devel-linux-x86_64-fedora-clang | 0.1.3 | 141.72 | NOTE | |||
r-devel-linux-x86_64-fedora-gcc | 0.1.3 | 144.25 | NOTE | |||
r-devel-windows-x86_64 | 0.1.3 | 35.00 | 80.00 | 115.00 | NOTE | |
r-patched-linux-x86_64 | 0.1.3 | 42.58 | 48.87 | 91.45 | NOTE | |
r-release-linux-x86_64 | 0.1.3 | 41.17 | 48.77 | 89.94 | NOTE | |
r-release-macos-arm64 | 0.1.3 | 38.00 | NOTE | |||
r-release-macos-x86_64 | 0.1.3 | 60.00 | NOTE | |||
r-release-windows-x86_64 | 0.1.3 | 45.00 | 90.00 | 135.00 | NOTE | |
r-oldrel-macos-arm64 | 0.1.3 | 37.00 | OK | |||
r-oldrel-windows-x86_64 | 0.1.3 | 43.00 | 88.00 | 131.00 | OK |
Version: 0.1.3
Check: C++ specification
Result: NOTE
Specified C++11: please drop specification unless essential
Flavors: r-devel-linux-x86_64-debian-clang, r-devel-linux-x86_64-debian-gcc, r-devel-linux-x86_64-fedora-clang, r-devel-linux-x86_64-fedora-gcc, r-devel-windows-x86_64, r-patched-linux-x86_64, r-release-linux-x86_64, r-release-macos-arm64, r-release-macos-x86_64, r-release-windows-x86_64