Last updated on 2023-05-31 20:57:19 CEST.
Flavor | Version | Tinstall | Tcheck | Ttotal | Status | Flags |
---|---|---|---|---|---|---|
r-devel-linux-x86_64-debian-clang | 1.0.0 | 141.07 | 237.97 | 379.04 | NOTE | |
r-devel-linux-x86_64-debian-gcc | 1.0.0 | 116.99 | 182.32 | 299.31 | NOTE | |
r-devel-linux-x86_64-fedora-clang | 1.0.0 | 543.23 | NOTE | |||
r-devel-linux-x86_64-fedora-gcc | 1.0.0 | 554.08 | NOTE | |||
r-devel-windows-x86_64 | 1.0.0 | 115.00 | 210.00 | 325.00 | NOTE | |
r-patched-linux-x86_64 | 1.0.0 | NOTE | ||||
r-release-linux-x86_64 | 1.0.0 | 92.26 | 225.67 | 317.93 | NOTE | |
r-release-macos-arm64 | 1.0.0 | 124.00 | NOTE | |||
r-release-macos-x86_64 | 1.0.0 | 224.00 | NOTE | |||
r-release-windows-x86_64 | 1.0.0 | 145.00 | 269.00 | 414.00 | NOTE | |
r-oldrel-macos-arm64 | 1.0.0 | 115.00 | NOTE | |||
r-oldrel-macos-x86_64 | 1.0.0 | 206.00 | NOTE | |||
r-oldrel-windows-x86_64 | 1.0.0 | 143.00 | 259.00 | 402.00 | OK |
Version: 1.0.0
Check: C++ specification
Result: NOTE
Specified C++11: please drop specification unless essential
Flavors: r-devel-linux-x86_64-debian-clang, r-devel-linux-x86_64-debian-gcc, r-devel-linux-x86_64-fedora-clang, r-devel-linux-x86_64-fedora-gcc, r-devel-windows-x86_64, r-patched-linux-x86_64, r-release-linux-x86_64, r-release-macos-arm64, r-release-macos-x86_64, r-release-windows-x86_64
Version: 1.0.0
Check: package dependencies
Result: NOTE
Package suggested but not available for checking: ‘reactome.db’
Flavors: r-release-macos-arm64, r-release-macos-x86_64
Version: 1.0.0
Check: installed package size
Result: NOTE
installed size is 7.4Mb
sub-directories of 1Mb or more:
libs 6.7Mb
Flavors: r-release-macos-arm64, r-release-macos-x86_64, r-oldrel-macos-arm64, r-oldrel-macos-x86_64
Version: 1.0.0
Check: package dependencies
Result: NOTE
Packages suggested but not available for checking:
'GenomicRanges', 'S4Vectors', 'IRanges', 'org.Hs.eg.db',
'reactome.db', 'fgsea', 'AnnotationDbi'
Flavor: r-oldrel-macos-arm64