Last updated on 2024-04-19 19:50:25 CEST.
Flavor | Version | Tinstall | Tcheck | Ttotal | Status | Flags |
---|---|---|---|---|---|---|
r-devel-linux-x86_64-debian-clang | 0.8-0.1 | 388.91 | 400.17 | 789.08 | NOTE | |
r-devel-linux-x86_64-debian-gcc | 0.8-0.1 | NOTE | ||||
r-devel-linux-x86_64-fedora-clang | 0.8-0.1 | 1078.67 | NOTE | |||
r-devel-linux-x86_64-fedora-gcc | 0.8-0.1 | 1110.76 | NOTE | |||
r-prerel-macos-arm64 | 0.8-0.1 | 102.00 | ERROR | |||
r-prerel-macos-x86_64 | 0.8-0.1 | 146.00 | ERROR | |||
r-prerel-windows-x86_64 | 0.8-0.1 | 346.00 | 368.00 | 714.00 | NOTE | |
r-patched-linux-x86_64 | 0.8-0.1 | 374.55 | 375.93 | 750.48 | NOTE | |
r-release-linux-x86_64 | 0.8-0.1 | 369.91 | 389.74 | 759.65 | NOTE | |
r-release-macos-arm64 | 0.8-0.1 | 103.00 | ERROR | |||
r-release-macos-x86_64 | 0.8-0.1 | 140.00 | ERROR | |||
r-release-windows-x86_64 | 0.8-0.1 | 368.00 | 453.00 | 821.00 | NOTE | |
r-oldrel-macos-arm64 | 0.8-0.1 | 88.00 | ERROR | |||
r-oldrel-windows-x86_64 | 0.8-0.1 | 431.00 | 434.00 | 865.00 | NOTE |
Version: 0.8-0.1
Check: for GNU extensions in Makefiles
Result: NOTE
GNU make is a SystemRequirements.
Flavors: r-devel-linux-x86_64-debian-clang, r-devel-linux-x86_64-debian-gcc, r-devel-linux-x86_64-fedora-clang, r-devel-linux-x86_64-fedora-gcc, r-prerel-windows-x86_64, r-patched-linux-x86_64, r-release-linux-x86_64, r-release-windows-x86_64, r-oldrel-windows-x86_64
Version: 0.8-0.1
Check: installed package size
Result: NOTE
installed size is 28.1Mb
sub-directories of 1Mb or more:
hdf5 11.8Mb
include 6.4Mb
lib 3.8Mb
libs 5.5Mb
Flavors: r-devel-linux-x86_64-fedora-clang, r-prerel-windows-x86_64, r-release-windows-x86_64, r-oldrel-windows-x86_64
Version: 0.8-0.1
Check: whether package can be installed
Result: ERROR
Installation failed.
Flavors: r-prerel-macos-arm64, r-prerel-macos-x86_64, r-release-macos-arm64, r-release-macos-x86_64, r-oldrel-macos-arm64