Last updated on 2023-05-30 09:00:46 CEST.
Flavor | Version | Tinstall | Tcheck | Ttotal | Status | Flags |
---|---|---|---|---|---|---|
r-devel-linux-x86_64-debian-clang | 0.7-4.3 | 328.90 | 258.52 | 587.42 | NOTE | |
r-devel-linux-x86_64-debian-gcc | 0.7-4.3 | 277.26 | 191.85 | 469.11 | NOTE | |
r-devel-linux-x86_64-fedora-clang | 0.7-4.3 | 879.08 | NOTE | |||
r-devel-linux-x86_64-fedora-gcc | 0.7-4.3 | 900.50 | NOTE | |||
r-devel-windows-x86_64 | 0.7-4.3 | 277.00 | 250.00 | 527.00 | NOTE | |
r-patched-linux-x86_64 | 0.7-4.3 | 292.40 | 245.12 | 537.52 | NOTE | |
r-release-linux-x86_64 | 0.7-4.3 | 300.60 | 240.89 | 541.49 | NOTE | |
r-release-macos-arm64 | 0.7-4.3 | 161.00 | NOTE | |||
r-release-macos-x86_64 | 0.7-4.3 | 334.00 | NOTE | |||
r-release-windows-x86_64 | 0.7-4.3 | 346.00 | 315.00 | 661.00 | NOTE | |
r-oldrel-macos-arm64 | 0.7-4.3 | 159.00 | NOTE | |||
r-oldrel-macos-x86_64 | 0.7-4.3 | 61.00 | ERROR | |||
r-oldrel-windows-x86_64 | 0.7-4.3 | 373.00 | 295.00 | 668.00 | NOTE |
Version: 0.7-4.3
Check: for GNU extensions in Makefiles
Result: NOTE
GNU make is a SystemRequirements.
Flavors: r-devel-linux-x86_64-debian-clang, r-devel-linux-x86_64-debian-gcc, r-devel-linux-x86_64-fedora-clang, r-devel-linux-x86_64-fedora-gcc, r-devel-windows-x86_64, r-patched-linux-x86_64, r-release-linux-x86_64, r-release-macos-arm64, r-release-macos-x86_64, r-release-windows-x86_64, r-oldrel-macos-arm64, r-oldrel-windows-x86_64
Version: 0.7-4.3
Check: installed package size
Result: NOTE
installed size is 12.2Mb
sub-directories of 1Mb or more:
include 6.4Mb
lib 3.5Mb
libs 1.9Mb
Flavors: r-devel-linux-x86_64-fedora-clang, r-devel-windows-x86_64, r-release-macos-arm64, r-release-macos-x86_64, r-release-windows-x86_64, r-oldrel-macos-arm64, r-oldrel-windows-x86_64
Version: 0.7-4.3
Check: whether package can be installed
Result: ERROR
Installation failed.
Flavor: r-oldrel-macos-x86_64