Last updated on 2024-04-26 08:55:11 CEST.
Flavor | Version | Tinstall | Tcheck | Ttotal | Status | Flags |
---|---|---|---|---|---|---|
r-devel-linux-x86_64-debian-clang | 0.2.1 | 94.75 | 46.15 | 140.90 | OK | |
r-devel-linux-x86_64-debian-gcc | 0.2.1 | 95.80 | 34.18 | 129.98 | OK | |
r-devel-linux-x86_64-fedora-clang | 0.2.1 | 191.87 | NOTE | |||
r-devel-linux-x86_64-fedora-gcc | 0.2.1 | 233.68 | OK | |||
r-devel-windows-x86_64 | 0.2.1 | 80.00 | 90.00 | 170.00 | NOTE | |
r-patched-linux-x86_64 | 0.2.1 | 116.93 | 43.43 | 160.36 | OK | |
r-release-linux-x86_64 | 0.2.1 | 119.35 | 44.71 | 164.06 | OK | |
r-release-macos-arm64 | 0.2.1 | 50.00 | NOTE | |||
r-release-windows-x86_64 | 0.2.1 | 78.00 | 88.00 | 166.00 | NOTE | |
r-oldrel-macos-arm64 | 0.2.1 | 63.00 | NOTE | |||
r-oldrel-macos-x86_64 | 0.2.1 | 98.00 | NOTE | |||
r-oldrel-windows-x86_64 | 0.2.1 | 71.00 | 102.00 | 173.00 | NOTE |
Version: 0.2.1
Check: installed package size
Result: NOTE
installed size is 5.0Mb
sub-directories of 1Mb or more:
lemon 2.9Mb
libs 1.9Mb
Flavors: r-devel-linux-x86_64-fedora-clang, r-devel-windows-x86_64, r-release-macos-arm64, r-release-windows-x86_64, r-oldrel-macos-arm64, r-oldrel-macos-x86_64, r-oldrel-windows-x86_64