Last updated on 2023-12-05 18:49:36 CET.
Flavor | Version | Tinstall | Tcheck | Ttotal | Status | Flags |
---|---|---|---|---|---|---|
r-devel-linux-x86_64-debian-clang | 1.0.1 | 92.00 | 28.67 | 120.67 | OK | |
r-devel-linux-x86_64-debian-gcc | 1.0.1 | 76.40 | 22.42 | 98.82 | OK | |
r-devel-linux-x86_64-fedora-clang | 1.0.1 | 87.41 | ERROR | |||
r-devel-linux-x86_64-fedora-gcc | 1.0.1 | 127.52 | OK | |||
r-devel-windows-x86_64 | 1.0.1 | 60.00 | 82.00 | 142.00 | NOTE | |
r-patched-linux-x86_64 | 1.0.0 | 92.38 | 26.95 | 119.33 | NOTE | |
r-release-linux-x86_64 | 1.0.0 | 87.58 | 26.86 | 114.44 | NOTE | |
r-release-macos-arm64 | 1.0.1 | 58.00 | NOTE | |||
r-release-macos-x86_64 | 1.0.1 | 155.00 | NOTE | |||
r-release-windows-x86_64 | 1.0.1 | 62.00 | 90.00 | 152.00 | NOTE | |
r-oldrel-macos-arm64 | 1.0.1 | 51.00 | NOTE | |||
r-oldrel-macos-x86_64 | 1.0.0 | 62.00 | NOTE | |||
r-oldrel-windows-x86_64 | 1.0.0 | 61.00 | 87.00 | 148.00 | NOTE |
Version: 1.0.1
Check: installed package size
Result: NOTE
installed size is 5.9Mb
sub-directories of 1Mb or more:
include 2.9Mb
libs 2.2Mb
Flavors: r-devel-linux-x86_64-fedora-clang, r-devel-windows-x86_64, r-release-macos-arm64, r-release-macos-x86_64, r-release-windows-x86_64, r-oldrel-macos-arm64
Version: 1.0.1
Check: re-building of vignette outputs
Result: ERROR
Error(s) in re-building vignettes:
--- re-building ‘rjsoncons.Rmd’ using rmarkdown
*** caught segfault ***
address (nil), cause 'unknown'
Traceback:
1: cpp_jmespath(data, path, object_names, as)
2: jmespath(json, path, as = "R")
3: data.frame(jmespath(json, path, as = "R"))
4: eval(expr, envir, enclos)
5: eval(expr, envir, enclos)
6: eval_with_user_handlers(expr, envir, enclos, user_handlers)
7: withVisible(eval_with_user_handlers(expr, envir, enclos, user_handlers))
8: withCallingHandlers(withVisible(eval_with_user_handlers(expr, envir, enclos, user_handlers)), warning = wHandler, error = eHandler, message = mHandler)
9: handle(ev <- withCallingHandlers(withVisible(eval_with_user_handlers(expr, envir, enclos, user_handlers)), warning = wHandler, error = eHandler, message = mHandler))
10: timing_fn(handle(ev <- withCallingHandlers(withVisible(eval_with_user_handlers(expr, envir, enclos, user_handlers)), warning = wHandler, error = eHandler, message = mHandler)))
11: evaluate_call(expr, parsed$src[[i]], envir = envir, enclos = enclos, debug = debug, last = i == length(out), use_try = stop_on_error != 2L, keep_warning = keep_warning, keep_message = keep_message, log_echo = log_echo, log_warning = log_warning, output_handler = output_handler, include_timing = include_timing)
12: evaluate::evaluate(...)
13: evaluate(code, envir = env, new_device = FALSE, keep_warning = if (is.numeric(options$warning)) TRUE else options$warning, keep_message = if (is.numeric(options$message)) TRUE else options$message, stop_on_error = if (is.numeric(options$error)) options$error else { if (options$error && options$include) 0L else 2L }, output_handler = knit_handlers(options$render, options))
14: in_dir(input_dir(), expr)
15: in_input_dir(evaluate(code, envir = env, new_device = FALSE, keep_warning = if (is.numeric(options$warning)) TRUE else options$warning, keep_message = if (is.numeric(options$message)) TRUE else options$message, stop_on_error = if (is.numeric(options$error)) options$error else { if (options$error && options$include) 0L else 2L }, output_handler = knit_handlers(options$render, options)))
16: eng_r(options)
17: block_exec(params)
18: call_block(x)
19: process_group.block(group)
20: process_group(group)
21: withCallingHandlers(if (tangle) process_tangle(group) else process_group(group), error = function(e) if (xfun::pkg_available("rlang", "1.0.0")) rlang::entrace(e))
22: withCallingHandlers(expr, error = function(e) { loc = paste0(current_lines(), label, sprintf(" (%s)", knit_concord$get("infile"))) message(one_string(handler(e, loc)))})
23: handle_error(withCallingHandlers(if (tangle) process_tangle(group) else process_group(group), error = function(e) if (xfun::pkg_available("rlang", "1.0.0")) rlang::entrace(e)), function(e, loc) { setwd(wd) write_utf8(res, output %n% stdout()) paste0("\nQuitting from lines ", loc) }, if (labels[i] != "") sprintf(" [%s]", labels[i]))
24: process_file(text, output)
25: knitr::knit(knit_input, knit_output, envir = envir, quiet = quiet)
26: rmarkdown::render(file, encoding = encoding, quiet = quiet, envir = globalenv(), output_dir = getwd(), ...)
27: vweave_rmarkdown(...)
28: engine$weave(file, quiet = quiet, encoding = enc)
29: doTryCatch(return(expr), name, parentenv, handler)
30: tryCatchOne(expr, names, parentenv, handlers[[1L]])
31: tryCatchList(expr, classes, parentenv, handlers)
32: tryCatch({ engine$weave(file, quiet = quiet, encoding = enc) setwd(startdir) output <- find_vignette_product(name, by = "weave", engine = engine) if (!have.makefile && vignette_is_tex(output)) { texi2pdf(file = output, clean = FALSE, quiet = quiet) output <- find_vignette_product(name, by = "texi2pdf", engine = engine) } outputs <- c(outputs, output)}, error = function(e) { thisOK <<- FALSE fails <<- c(fails, file) message(gettextf("Error: processing vignette '%s' failed with diagnostics:\n%s", file, conditionMessage(e)))})
33: tools::buildVignettes(dir = "/data/gannet/ripley/R/packages/tests-clang/rjsoncons.Rcheck/vign_test/rjsoncons", skip = TRUE, ser_elibs = "/tmp/RtmptD40N1/file17658a592d6db1.rds")
An irrecoverable exception occurred. R is aborting now ...
Flavor: r-devel-linux-x86_64-fedora-clang
Version: 1.0.0
Check: C++ specification
Result: NOTE
Specified C++11: please drop specification unless essential
Flavors: r-patched-linux-x86_64, r-release-linux-x86_64
Version: 1.0.0
Check: installed package size
Result: NOTE
installed size is 21.3Mb
sub-directories of 1Mb or more:
include 2.9Mb
libs 17.7Mb
Flavors: r-oldrel-macos-x86_64, r-oldrel-windows-x86_64