Last updated on 2024-04-23 19:50:57 CEST.
Flavor | Version | Tinstall | Tcheck | Ttotal | Status | Flags |
---|---|---|---|---|---|---|
r-devel-linux-x86_64-debian-clang | 2023.12.21 | 327.35 | 376.00 | 703.35 | OK | |
r-devel-linux-x86_64-debian-gcc | 2023.12.21 | 250.59 | 270.18 | 520.77 | OK | |
r-devel-linux-x86_64-fedora-clang | 2023.12.21 | 1014.94 | OK | |||
r-devel-linux-x86_64-fedora-gcc | 2023.12.21 | 846.24 | OK | |||
r-prerel-macos-arm64 | 2023.12.21 | 185.00 | NOTE | |||
r-prerel-windows-x86_64 | 2023.12.21 | 235.00 | 309.00 | 544.00 | OK | |
r-patched-linux-x86_64 | 2023.12.21 | 235.42 | 363.08 | 598.50 | OK | |
r-release-linux-x86_64 | 2023.12.21 | 252.39 | 365.64 | 618.03 | OK | |
r-release-macos-arm64 | 2023.12.21 | 222.00 | NOTE | |||
r-release-macos-x86_64 | 2023.12.21 | 346.00 | NOTE | |||
r-release-windows-x86_64 | 2023.12.21 | 293.00 | 392.00 | 685.00 | OK | |
r-oldrel-macos-arm64 | 2023.12.21 | 213.00 | NOTE | |||
r-oldrel-windows-x86_64 | 2023.12.21 | 282.00 | 348.00 | 630.00 | OK |
Version: 2023.12.21
Check: installed package size
Result: NOTE
installed size is 10.2Mb
sub-directories of 1Mb or more:
R 1.1Mb
libs 8.7Mb
Flavors: r-prerel-macos-arm64, r-release-macos-arm64, r-release-macos-x86_64, r-oldrel-macos-arm64