Last updated on 2023-09-28 19:59:51 CEST.
Flavor | Version | Tinstall | Tcheck | Ttotal | Status | Flags |
---|---|---|---|---|---|---|
r-devel-linux-x86_64-debian-clang | 0.3.0 | 2.95 | 33.65 | 36.60 | OK | |
r-devel-linux-x86_64-debian-gcc | 0.3.0 | 2.94 | 25.77 | 28.71 | OK | |
r-devel-linux-x86_64-fedora-clang | 0.3.0 | 48.14 | NOTE | |||
r-devel-linux-x86_64-fedora-gcc | 0.3.0 | 44.08 | NOTE | |||
r-devel-windows-x86_64 | 0.3.0 | 5.00 | 54.00 | 59.00 | OK | |
r-patched-linux-x86_64 | 0.3.0 | 4.27 | 32.72 | 36.99 | OK | |
r-release-linux-x86_64 | 0.3.0 | 3.63 | 32.19 | 35.82 | OK | |
r-release-macos-arm64 | 0.3.0 | 19.00 | OK | |||
r-release-macos-x86_64 | 0.3.0 | 28.00 | OK | |||
r-release-windows-x86_64 | 0.3.0 | 6.00 | 57.00 | 63.00 | OK | |
r-oldrel-macos-arm64 | 0.3.0 | 18.00 | NOTE | |||
r-oldrel-macos-x86_64 | 0.3.0 | 27.00 | NOTE | |||
r-oldrel-windows-x86_64 | 0.3.0 | 6.00 | 57.00 | 63.00 | OK |
Version: 0.3.0
Check: dependencies in R code
Result: NOTE
Namespace in Imports field not imported from: ‘R6’
All declared Imports should be used.
Flavors: r-devel-linux-x86_64-fedora-clang, r-devel-linux-x86_64-fedora-gcc, r-oldrel-macos-arm64, r-oldrel-macos-x86_64