Last updated on 2023-12-09 18:54:29 CET.
Flavor | Version | Tinstall | Tcheck | Ttotal | Status | Flags |
---|---|---|---|---|---|---|
r-devel-linux-x86_64-debian-clang | 0.4.0 | 3.45 | 49.26 | 52.71 | OK | |
r-devel-linux-x86_64-debian-gcc | 0.4.0 | 2.86 | 38.01 | 40.87 | OK | |
r-devel-linux-x86_64-fedora-clang | 0.4.0 | 65.89 | NOTE | |||
r-devel-linux-x86_64-fedora-gcc | 0.4.0 | 72.90 | NOTE | |||
r-devel-windows-x86_64 | 0.4.0 | 5.00 | 70.00 | 75.00 | OK | |
r-patched-linux-x86_64 | 0.4.0 | 3.95 | 47.65 | 51.60 | OK | |
r-release-linux-x86_64 | 0.4.0 | 2.91 | 47.10 | 50.01 | OK | |
r-release-macos-arm64 | 0.4.0 | 33.00 | OK | |||
r-release-macos-x86_64 | 0.4.0 | 49.00 | OK | |||
r-release-windows-x86_64 | 0.4.0 | 6.00 | 71.00 | 77.00 | OK | |
r-oldrel-macos-arm64 | 0.4.0 | 26.00 | OK | |||
r-oldrel-macos-x86_64 | 0.4.0 | 34.00 | OK | |||
r-oldrel-windows-x86_64 | 0.4.0 | 5.00 | 66.00 | 71.00 | OK |
Version: 0.4.0
Check: data for non-ASCII characters
Result: NOTE
Note: found 1473 marked UTF-8 strings
Flavors: r-devel-linux-x86_64-fedora-clang, r-devel-linux-x86_64-fedora-gcc