Last updated on 2024-03-29 07:54:54 CET.
Flavor | Version | Tinstall | Tcheck | Ttotal | Status | Flags |
---|---|---|---|---|---|---|
r-devel-linux-x86_64-debian-clang | 0.3.2 | 6.25 | 29.45 | 35.70 | NOTE | |
r-devel-linux-x86_64-debian-gcc | 0.3.2 | 3.87 | 22.99 | 26.86 | NOTE | |
r-devel-linux-x86_64-fedora-clang | 0.3.2 | 44.41 | NOTE | |||
r-devel-linux-x86_64-fedora-gcc | 0.3.2 | 42.54 | NOTE | |||
r-devel-windows-x86_64 | 0.3.2 | 5.00 | 48.00 | 53.00 | NOTE | |
r-patched-linux-x86_64 | 0.3.2 | 8.70 | 28.91 | 37.61 | NOTE | |
r-release-linux-x86_64 | 0.3.2 | 4.54 | 27.97 | 32.51 | NOTE | |
r-release-macos-arm64 | 0.3.2 | 19.00 | NOTE | |||
r-release-macos-x86_64 | 0.3.2 | 24.00 | NOTE | |||
r-release-windows-x86_64 | 0.3.2 | 7.00 | 48.00 | 55.00 | NOTE | |
r-oldrel-macos-arm64 | 0.3.2 | 17.00 | NOTE | |||
r-oldrel-windows-x86_64 | 0.3.2 | 9.00 | 49.00 | 58.00 | NOTE |
Version: 0.3.2
Check: LazyData
Result: NOTE
'LazyData' is specified without a 'data' directory
Flavors: r-devel-linux-x86_64-debian-clang, r-devel-linux-x86_64-debian-gcc, r-devel-linux-x86_64-fedora-clang, r-devel-linux-x86_64-fedora-gcc, r-devel-windows-x86_64, r-patched-linux-x86_64, r-release-linux-x86_64, r-release-macos-arm64, r-release-macos-x86_64, r-release-windows-x86_64, r-oldrel-macos-arm64, r-oldrel-windows-x86_64