Last updated on 2023-06-08 19:54:20 CEST.
Flavor | Version | Tinstall | Tcheck | Ttotal | Status | Flags |
---|---|---|---|---|---|---|
r-devel-linux-x86_64-debian-clang | 1.1.3 | 149.27 | 279.99 | 429.26 | OK | |
r-devel-linux-x86_64-debian-gcc | 1.1.3 | 111.54 | 209.53 | 321.07 | OK | |
r-devel-linux-x86_64-fedora-clang | 1.1.3 | 645.16 | NOTE | |||
r-devel-linux-x86_64-fedora-gcc | 1.1.3 | 562.19 | OK | |||
r-devel-windows-x86_64 | 1.1.3 | 161.00 | 243.00 | 404.00 | NOTE | |
r-patched-linux-x86_64 | 1.1.3 | 132.35 | 268.20 | 400.55 | OK | |
r-release-linux-x86_64 | 1.1.3 | 115.48 | 266.93 | 382.41 | OK | |
r-release-macos-arm64 | 1.1.3 | 166.00 | NOTE | |||
r-release-macos-x86_64 | 1.1.3 | 262.00 | NOTE | |||
r-release-windows-x86_64 | 1.1.3 | 204.00 | 307.00 | 511.00 | NOTE | |
r-oldrel-macos-arm64 | 1.1.3 | 135.00 | NOTE | |||
r-oldrel-macos-x86_64 | 1.1.3 | 145.00 | WARN | --no-build-vignettes | ||
r-oldrel-windows-x86_64 | 1.1.3 | 155.00 | 291.00 | 446.00 | NOTE |
Version: 1.1.3
Check: installed package size
Result: NOTE
installed size is 7.6Mb
sub-directories of 1Mb or more:
doc 2.4Mb
fonts 1.5Mb
Flavors: r-devel-linux-x86_64-fedora-clang, r-devel-windows-x86_64, r-release-macos-arm64, r-release-macos-x86_64, r-release-windows-x86_64, r-oldrel-macos-arm64, r-oldrel-windows-x86_64
Version: 1.1.3
Flags: --no-build-vignettes
Check: whether package can be installed
Result: WARN
Found the following significant warnings:
Texture.cpp:244:22: warning: 'gluBuild2DMipmaps' is deprecated: first deprecated in macOS 10.9 - "Use glGenerateMipmap" [-Wdeprecated-declarations]
Texture.cpp:257:24: warning: 'gluScaleImage' is deprecated: first deprecated in macOS 10.9 [-Wdeprecated-declarations]
Flavor: r-oldrel-macos-x86_64
Version: 1.1.3
Flags: --no-build-vignettes
Check: installed package size
Result: NOTE
installed size is 27.3Mb
sub-directories of 1Mb or more:
doc 2.4Mb
fonts 1.5Mb
libs 20.2Mb
Flavor: r-oldrel-macos-x86_64