Last updated on 2023-12-05 18:49:35 CET.
Flavor | Version | Tinstall | Tcheck | Ttotal | Status | Flags |
---|---|---|---|---|---|---|
r-devel-linux-x86_64-debian-clang | 0.2.5 | 11.16 | 130.85 | 142.01 | NOTE | |
r-devel-linux-x86_64-debian-gcc | 0.2.5 | 9.22 | 98.64 | 107.86 | NOTE | |
r-devel-linux-x86_64-fedora-clang | 0.2.5 | 180.84 | OK | |||
r-devel-linux-x86_64-fedora-gcc | 0.2.5 | 181.90 | OK | |||
r-devel-windows-x86_64 | 0.2.5 | 74.00 | 854.00 | 928.00 | OK | |
r-patched-linux-x86_64 | 0.2.5 | 10.50 | 127.25 | 137.75 | OK | |
r-release-linux-x86_64 | 0.2.5 | 10.90 | 122.09 | 132.99 | OK | |
r-release-macos-arm64 | 0.2.5 | 67.00 | OK | |||
r-release-macos-x86_64 | 0.2.5 | 119.00 | OK | |||
r-release-windows-x86_64 | 0.2.5 | 42.00 | 492.00 | 534.00 | OK | |
r-oldrel-macos-arm64 | 0.2.5 | 63.00 | OK | |||
r-oldrel-macos-x86_64 | 0.2.5 | 77.00 | OK | |||
r-oldrel-windows-x86_64 | 0.2.5 | 41.00 | 447.00 | 488.00 | OK |
Version: 0.2.5
Check: Rd files
Result: NOTE
checkRd: (-1) gd_region.Rd:13: Lost braces; missing escapes or markup?
13 | \item{x}{either a WKT string (character), a {terra} SpatRaster(Collection)/SpatVector(Collection)/SpatExtent, an {sf} object, an {sp} Spatial* object or a {raster} RasterLayer/RasterStack.}
| ^
checkRd: (-1) gd_region.Rd:13: Lost braces; missing escapes or markup?
13 | \item{x}{either a WKT string (character), a {terra} SpatRaster(Collection)/SpatVector(Collection)/SpatExtent, an {sf} object, an {sp} Spatial* object or a {raster} RasterLayer/RasterStack.}
| ^
checkRd: (-1) gd_region.Rd:13: Lost braces; missing escapes or markup?
13 | \item{x}{either a WKT string (character), a {terra} SpatRaster(Collection)/SpatVector(Collection)/SpatExtent, an {sf} object, an {sp} Spatial* object or a {raster} RasterLayer/RasterStack.}
| ^
checkRd: (-1) gd_region.Rd:13: Lost braces; missing escapes or markup?
13 | \item{x}{either a WKT string (character), a {terra} SpatRaster(Collection)/SpatVector(Collection)/SpatExtent, an {sf} object, an {sp} Spatial* object or a {raster} RasterLayer/RasterStack.}
| ^
Flavors: r-devel-linux-x86_64-debian-clang, r-devel-linux-x86_64-debian-gcc