Last updated on 2024-04-27 08:48:38 CEST.
Flavor | Version | Tinstall | Tcheck | Ttotal | Status | Flags |
---|---|---|---|---|---|---|
r-devel-linux-x86_64-debian-clang | 1.2.1 | 3.97 | 40.14 | 44.11 | NOTE | |
r-devel-linux-x86_64-debian-gcc | 1.2.1 | 3.25 | 30.66 | 33.91 | NOTE | |
r-devel-linux-x86_64-fedora-clang | 1.2.1 | 55.74 | NOTE | |||
r-devel-linux-x86_64-fedora-gcc | 1.2.1 | 52.15 | NOTE | |||
r-devel-windows-x86_64 | 1.2.1 | 4.00 | 53.00 | 57.00 | NOTE | |
r-patched-linux-x86_64 | 1.2.1 | 4.61 | 38.53 | 43.14 | NOTE | |
r-release-linux-x86_64 | 1.2.1 | 4.08 | 37.92 | 42.00 | NOTE | |
r-release-macos-arm64 | 1.2.1 | 21.00 | NOTE | |||
r-release-windows-x86_64 | 1.2.1 | 5.00 | 52.00 | 57.00 | NOTE | |
r-oldrel-macos-arm64 | 1.2.1 | 22.00 | NOTE | |||
r-oldrel-macos-x86_64 | 1.2.1 | 28.00 | NOTE | |||
r-oldrel-windows-x86_64 | 1.2.1 | 5.00 | 56.00 | 61.00 | NOTE |
Version: 1.2.1
Check: package subdirectories
Result: NOTE
Problems with news in ‘NEWS.md’:
No news entries found.
Flavors: r-devel-linux-x86_64-debian-clang, r-devel-linux-x86_64-debian-gcc, r-devel-linux-x86_64-fedora-clang, r-devel-linux-x86_64-fedora-gcc, r-devel-windows-x86_64, r-patched-linux-x86_64, r-release-linux-x86_64, r-release-macos-arm64, r-release-windows-x86_64, r-oldrel-macos-arm64, r-oldrel-macos-x86_64, r-oldrel-windows-x86_64