CRAN Package Check Results for Package rfordummies

Last updated on 2024-06-13 20:49:25 CEST.

Flavor Version Tinstall Tcheck Ttotal Status Flags
r-devel-linux-x86_64-debian-clang 0.1.6 3.24 32.49 35.73 OK
r-devel-linux-x86_64-debian-gcc 0.1.6 2.13 23.41 25.54 ERROR
r-devel-linux-x86_64-fedora-clang 0.1.6 42.94 OK
r-devel-linux-x86_64-fedora-gcc 0.1.6 40.70 OK
r-devel-windows-x86_64 0.1.6 4.00 52.00 56.00 OK
r-patched-linux-x86_64 0.1.6 4.48 30.64 35.12 OK
r-release-linux-x86_64 0.1.6 3.21 30.29 33.50 OK
r-release-macos-arm64 0.1.6 18.00 OK
r-release-macos-x86_64 0.1.6 26.00 OK
r-release-windows-x86_64 0.1.6 4.00 54.00 58.00 OK
r-oldrel-macos-arm64 0.1.6 17.00 OK
r-oldrel-macos-x86_64 0.1.6 26.00 OK
r-oldrel-windows-x86_64 0.1.6 4.00 57.00 61.00 OK

Check Details

Version: 0.1.6
Check: package dependencies
Result: NOTE Packages suggested but not available for checking: 'stringr', 'reshape2', 'ggplot2', 'testthat' Flavor: r-devel-linux-x86_64-debian-gcc

Version: 0.1.6
Check: tests
Result: ERROR Running ‘spelling.R’ [0s/1s] Running ‘testthat.R’ [0s/1s] Running the tests in ‘tests/testthat.R’ failed. Complete output: > library(testthat) Error in library(testthat) : there is no package called 'testthat' Execution halted Flavor: r-devel-linux-x86_64-debian-gcc