Last updated on 2024-03-29 07:54:54 CET.
Flavor | Version | Tinstall | Tcheck | Ttotal | Status | Flags |
---|---|---|---|---|---|---|
r-devel-linux-x86_64-debian-clang | 0.4.1 | 116.65 | 32.77 | 149.42 | NOTE | |
r-devel-linux-x86_64-debian-gcc | 0.4.1 | 85.12 | 25.70 | 110.82 | NOTE | |
r-devel-linux-x86_64-fedora-clang | 0.4.1 | 219.58 | NOTE | |||
r-devel-linux-x86_64-fedora-gcc | 0.4.1 | 214.13 | NOTE | |||
r-devel-windows-x86_64 | 0.4.1 | 88.00 | 65.00 | 153.00 | NOTE | |
r-patched-linux-x86_64 | 0.4.1 | 107.10 | 32.39 | 139.49 | NOTE | |
r-release-linux-x86_64 | 0.4.1 | 111.83 | 32.53 | 144.36 | OK | |
r-release-macos-arm64 | 0.4.1 | 41.00 | OK | |||
r-release-macos-x86_64 | 0.4.1 | 67.00 | OK | |||
r-release-windows-x86_64 | 0.4.1 | 108.00 | 71.00 | 179.00 | OK | |
r-oldrel-macos-arm64 | 0.4.1 | 46.00 | OK | |||
r-oldrel-windows-x86_64 | 0.4.1 | 105.00 | 74.00 | 179.00 | OK |
Version: 0.4.1
Check: Rd files
Result: NOTE
checkRd: (-1) cpUpper.Rd:39: Lost braces
39 | \code{"fastfloyd"}{ (default) uses an iterative variant of the Floyd-Warshall algorithm, in which the check of consistency of the current observation with a given cluster is done in a single step of the Floyd-Warshall algorithm. Much faster than \code{"floyd"}.}
| ^
checkRd: (-1) cpUpper.Rd:41: Lost braces
41 | \code{"floyd"}{ uses the algorithm described in Crawford and Pendakur (2013): at each step the complete Floyd-Warshall algorithm is run to check whether each cluster can accomodate the current observation.}
| ^
Flavors: r-devel-linux-x86_64-debian-clang, r-devel-linux-x86_64-debian-gcc, r-devel-linux-x86_64-fedora-clang, r-devel-linux-x86_64-fedora-gcc, r-devel-windows-x86_64, r-patched-linux-x86_64