Last updated on 2024-04-18 20:56:00 CEST.
Flavor | Version | Tinstall | Tcheck | Ttotal | Status | Flags |
---|---|---|---|---|---|---|
r-devel-linux-x86_64-debian-clang | 0.2.3 | 8.25 | 53.34 | 61.59 | NOTE | |
r-devel-linux-x86_64-debian-gcc | 0.2.3 | 4.54 | 39.15 | 43.69 | NOTE | |
r-devel-linux-x86_64-fedora-clang | 0.2.3 | 72.28 | NOTE | |||
r-devel-linux-x86_64-fedora-gcc | 0.2.3 | 69.69 | NOTE | |||
r-prerel-macos-arm64 | 0.2.3 | 33.00 | NOTE | |||
r-prerel-windows-x86_64 | 0.2.3 | 8.00 | 72.00 | 80.00 | NOTE | |
r-patched-linux-x86_64 | 0.2.3 | 12.06 | 49.87 | 61.93 | NOTE | |
r-release-linux-x86_64 | 0.2.3 | 7.41 | 51.18 | 58.59 | OK | |
r-release-macos-arm64 | 0.2.3 | 34.00 | OK | |||
r-release-macos-x86_64 | 0.2.3 | 50.00 | OK | |||
r-release-windows-x86_64 | 0.2.3 | 9.00 | 76.00 | 85.00 | OK | |
r-oldrel-macos-arm64 | 0.2.3 | 33.00 | OK | |||
r-oldrel-windows-x86_64 | 0.2.3 | 11.00 | 75.00 | 86.00 | OK |
Version: 0.2.3
Check: Rd files
Result: NOTE
checkRd: (-1) elink.Rd:70-71: Lost braces in \itemize; meant \describe ?
checkRd: (-1) elink.Rd:72-73: Lost braces in \itemize; meant \describe ?
checkRd: (-1) elink.Rd:74-76: Lost braces in \itemize; meant \describe ?
checkRd: (-1) reutils-package.Rd:114: Lost braces
114 | code{reutils.test.remote} to \code{TRUE} to run the full suite of tests.
| ^
Flavors: r-devel-linux-x86_64-debian-clang, r-devel-linux-x86_64-debian-gcc, r-devel-linux-x86_64-fedora-clang, r-devel-linux-x86_64-fedora-gcc, r-prerel-macos-arm64, r-prerel-windows-x86_64, r-patched-linux-x86_64