Last updated on 2023-09-22 08:55:56 CEST.
Flavor | Version | Tinstall | Tcheck | Ttotal | Status | Flags |
---|---|---|---|---|---|---|
r-devel-linux-x86_64-debian-clang | 0.2.0 | 10.26 | 151.37 | 161.63 | OK | |
r-devel-linux-x86_64-debian-gcc | 0.2.0 | 7.41 | 109.74 | 117.15 | OK | |
r-devel-linux-x86_64-fedora-clang | 0.2.0 | 198.01 | NOTE | |||
r-devel-linux-x86_64-fedora-gcc | 0.2.0 | 194.26 | OK | |||
r-devel-windows-x86_64 | 0.2.0 | 9.00 | 134.00 | 143.00 | NOTE | |
r-patched-linux-x86_64 | 0.2.0 | 8.73 | 142.60 | 151.33 | OK | |
r-release-linux-x86_64 | 0.2.0 | 8.33 | 143.19 | 151.52 | OK | |
r-release-macos-arm64 | 0.2.0 | 72.00 | NOTE | |||
r-release-macos-x86_64 | 0.2.0 | 121.00 | NOTE | |||
r-release-windows-x86_64 | 0.2.0 | 12.00 | 171.00 | 183.00 | NOTE | |
r-oldrel-macos-arm64 | 0.2.0 | 52.00 | NOTE | |||
r-oldrel-macos-x86_64 | 0.2.0 | 91.00 | NOTE | |||
r-oldrel-windows-x86_64 | 0.2.0 | 12.00 | 166.00 | 178.00 | NOTE |
Version: 0.2.0
Check: installed package size
Result: NOTE
installed size is 5.7Mb
sub-directories of 1Mb or more:
doc 1.1Mb
examples 1.9Mb
Flavors: r-devel-linux-x86_64-fedora-clang, r-devel-windows-x86_64, r-release-macos-arm64, r-release-macos-x86_64, r-release-windows-x86_64, r-oldrel-macos-arm64, r-oldrel-macos-x86_64, r-oldrel-windows-x86_64