Last updated on 2023-09-22 08:55:56 CEST.
Flavor | Version | Tinstall | Tcheck | Ttotal | Status | Flags |
---|---|---|---|---|---|---|
r-devel-linux-x86_64-debian-clang | 1.0.6 | 21.35 | 468.18 | 489.53 | OK | |
r-devel-linux-x86_64-debian-gcc | 1.0.6 | 24.00 | 332.14 | 356.14 | OK | |
r-devel-linux-x86_64-fedora-clang | 1.0.6 | 612.85 | NOTE | |||
r-devel-linux-x86_64-fedora-gcc | 1.0.6 | 612.89 | OK | |||
r-devel-windows-x86_64 | 1.0.6 | 23.00 | 345.00 | 368.00 | NOTE | |
r-patched-linux-x86_64 | 1.0.6 | 28.83 | 434.45 | 463.28 | OK | |
r-release-linux-x86_64 | 1.0.6 | 29.33 | 442.10 | 471.43 | OK | |
r-release-macos-arm64 | 1.0.6 | 165.00 | NOTE | |||
r-release-macos-x86_64 | 1.0.6 | 418.00 | NOTE | |||
r-release-windows-x86_64 | 1.0.6 | 31.00 | 416.00 | 447.00 | NOTE | |
r-oldrel-macos-arm64 | 1.0.6 | 144.00 | NOTE | |||
r-oldrel-macos-x86_64 | 1.0.6 | 206.00 | NOTE | |||
r-oldrel-windows-x86_64 | 1.0.6 | 32.00 | 403.00 | 435.00 | NOTE |
Version: 1.0.6
Check: installed package size
Result: NOTE
installed size is 5.2Mb
sub-directories of 1Mb or more:
extdata 1.3Mb
java 2.9Mb
Flavors: r-devel-linux-x86_64-fedora-clang, r-devel-windows-x86_64, r-release-macos-arm64, r-release-macos-x86_64, r-release-windows-x86_64, r-oldrel-macos-arm64, r-oldrel-macos-x86_64, r-oldrel-windows-x86_64