Last updated on 2024-03-28 07:53:01 CET.
Flavor | Version | Tinstall | Tcheck | Ttotal | Status | Flags |
---|---|---|---|---|---|---|
r-devel-linux-x86_64-debian-clang | 1.0.6 | 33.59 | 462.60 | 496.19 | OK | |
r-devel-linux-x86_64-debian-gcc | 1.0.6 | 22.74 | 332.07 | 354.81 | OK | |
r-devel-linux-x86_64-fedora-clang | 1.0.6 | 576.66 | NOTE | |||
r-devel-linux-x86_64-fedora-gcc | 1.0.6 | 585.42 | OK | |||
r-devel-windows-x86_64 | 1.0.6 | 23.00 | 331.00 | 354.00 | NOTE | |
r-patched-linux-x86_64 | 1.0.6 | 26.44 | 438.59 | 465.03 | OK | |
r-release-linux-x86_64 | 1.0.6 | 31.05 | 448.57 | 479.62 | OK | |
r-release-macos-arm64 | 1.0.6 | 165.00 | NOTE | |||
r-release-macos-x86_64 | 1.0.6 | 418.00 | NOTE | |||
r-release-windows-x86_64 | 1.0.6 | 30.00 | 397.00 | 427.00 | NOTE | |
r-oldrel-macos-arm64 | 1.0.6 | 144.00 | NOTE | |||
r-oldrel-windows-x86_64 | 1.0.6 | 32.00 | 393.00 | 425.00 | NOTE |
Version: 1.0.6
Check: installed package size
Result: NOTE
installed size is 5.2Mb
sub-directories of 1Mb or more:
extdata 1.3Mb
java 2.9Mb
Flavors: r-devel-linux-x86_64-fedora-clang, r-devel-windows-x86_64, r-release-macos-arm64, r-release-macos-x86_64, r-release-windows-x86_64, r-oldrel-macos-arm64, r-oldrel-windows-x86_64