CRAN Package Check Results for Package repurrrsive

Last updated on 2023-12-05 18:49:35 CET.

Flavor Version Tinstall Tcheck Ttotal Status Flags
r-devel-linux-x86_64-debian-clang 1.1.0 5.05 50.54 55.59 OK
r-devel-linux-x86_64-debian-gcc 1.1.0 4.18 37.90 42.08 OK
r-devel-linux-x86_64-fedora-clang 1.1.0 69.22 NOTE
r-devel-linux-x86_64-fedora-gcc 1.1.0 64.45 NOTE
r-devel-windows-x86_64 1.1.0 6.00 66.00 72.00 OK
r-patched-linux-x86_64 1.1.0 5.67 48.88 54.55 OK
r-release-linux-x86_64 1.1.0 5.10 49.39 54.49 OK
r-release-macos-arm64 1.1.0 26.00 OK
r-release-macos-x86_64 1.1.0 34.00 OK
r-release-windows-x86_64 1.1.0 8.00 70.00 78.00 OK
r-oldrel-macos-arm64 1.1.0 28.00 OK
r-oldrel-macos-x86_64 1.1.0 33.00 NOTE
r-oldrel-windows-x86_64 1.1.0 8.00 72.00 80.00 OK

Check Details

Version: 1.1.0
Check: Rd cross-references
Result: NOTE Undeclared package ‘wesanderson’ in Rd xrefs Flavor: r-devel-linux-x86_64-fedora-clang

Version: 1.1.0
Check: data for non-ASCII characters
Result: NOTE Note: found 25 marked UTF-8 strings Flavors: r-devel-linux-x86_64-fedora-clang, r-devel-linux-x86_64-fedora-gcc, r-oldrel-macos-x86_64