Last updated on 2024-04-19 07:56:52 CEST.
Flavor | Version | Tinstall | Tcheck | Ttotal | Status | Flags |
---|---|---|---|---|---|---|
r-devel-linux-x86_64-debian-clang | 1.2.3 | 24.57 | 47.48 | 72.05 | NOTE | |
r-devel-linux-x86_64-debian-gcc | 1.2.3 | NOTE | ||||
r-devel-linux-x86_64-fedora-clang | 1.2.3 | 98.11 | NOTE | |||
r-devel-linux-x86_64-fedora-gcc | 1.2.3 | 107.28 | NOTE | |||
r-prerel-macos-arm64 | 1.2.3 | 31.00 | NOTE | |||
r-prerel-windows-x86_64 | 1.2.3 | 23.00 | 78.00 | 101.00 | NOTE | |
r-patched-linux-x86_64 | 1.2.3 | 24.03 | 46.26 | 70.29 | NOTE | |
r-release-linux-x86_64 | 1.2.3 | 26.35 | 42.92 | 69.27 | OK | |
r-release-macos-arm64 | 1.2.3 | 32.00 | OK | |||
r-release-macos-x86_64 | 1.2.3 | 48.00 | OK | |||
r-release-windows-x86_64 | 1.2.3 | 20.00 | 83.00 | 103.00 | OK | |
r-oldrel-macos-arm64 | 1.2.3 | 27.00 | OK | |||
r-oldrel-windows-x86_64 | 1.2.3 | 26.00 | 86.00 | 112.00 | OK |
Version: 1.2.3
Check: Rd files
Result: NOTE
checkRd: (-1) twosidedPValuestobins.Rd:84: Lost braces; missing escapes or markup?
84 | A matrix with \code{n.bins + 1} rows and {ncol(zmat)} columns, representing for each study the discretization chosed. Values are the between bin breaks. First and last values are the edges of the outmost bins.
| ^
checkRd: (-1) ztobins.Rd:90: Lost braces; missing escapes or markup?
90 | A matrix with \code{n.bins + 1} rows and {ncol(zmat)} columns, representing for each study the discretization chosed. Values are the between bin breaks. First and last values are the edges of the outmost bins.
| ^
Flavors: r-devel-linux-x86_64-debian-clang, r-devel-linux-x86_64-debian-gcc, r-devel-linux-x86_64-fedora-clang, r-devel-linux-x86_64-fedora-gcc, r-prerel-macos-arm64, r-prerel-windows-x86_64, r-patched-linux-x86_64