Last updated on 2023-09-28 08:59:00 CEST.
Flavor | Version | Tinstall | Tcheck | Ttotal | Status | Flags |
---|---|---|---|---|---|---|
r-devel-linux-x86_64-debian-clang | 1.23.2 | 9.24 | 109.64 | 118.88 | NOTE | |
r-devel-linux-x86_64-debian-gcc | 1.23.2 | 6.93 | 81.20 | 88.13 | NOTE | |
r-devel-linux-x86_64-fedora-clang | 1.23.2 | 152.35 | NOTE | |||
r-devel-linux-x86_64-fedora-gcc | 1.23.2 | 148.56 | NOTE | |||
r-devel-windows-x86_64 | 1.23.2 | 8.00 | 124.00 | 132.00 | NOTE | |
r-patched-linux-x86_64 | 1.23.2 | 5.22 | 104.30 | 109.52 | NOTE | |
r-release-linux-x86_64 | 1.23.2 | 5.33 | 101.44 | 106.77 | NOTE | |
r-release-macos-arm64 | 1.23.2 | 59.00 | NOTE | |||
r-release-macos-x86_64 | 1.23.2 | 79.00 | NOTE | |||
r-release-windows-x86_64 | 1.23.2 | 11.00 | 128.00 | 139.00 | NOTE | |
r-oldrel-macos-arm64 | 1.23.2 | 51.00 | OK | |||
r-oldrel-macos-x86_64 | 1.23.2 | 80.00 | OK | |||
r-oldrel-windows-x86_64 | 1.23.2 | 12.00 | 138.00 | 150.00 | OK |
Version: 1.23.2
Check: package subdirectories
Result: NOTE
Problems with news in ‘NEWS.md’:
No news entries found.
Flavors: r-devel-linux-x86_64-debian-clang, r-devel-linux-x86_64-debian-gcc, r-devel-linux-x86_64-fedora-clang, r-devel-linux-x86_64-fedora-gcc, r-devel-windows-x86_64, r-patched-linux-x86_64, r-release-linux-x86_64, r-release-macos-arm64, r-release-macos-x86_64, r-release-windows-x86_64