CRAN Package Check Results for Package remote

Last updated on 2023-06-02 07:55:32 CEST.

Flavor Version Tinstall Tcheck Ttotal Status Flags
r-devel-linux-x86_64-debian-clang 1.2.1 51.33 333.85 385.18 NOTE
r-devel-linux-x86_64-debian-gcc 1.2.1 44.84 254.67 299.51 NOTE
r-devel-linux-x86_64-fedora-clang 1.2.1 492.75 NOTE
r-devel-linux-x86_64-fedora-gcc 1.2.1 472.42 NOTE
r-devel-windows-x86_64 1.2.1 48.00 243.00 291.00 OK
r-patched-linux-x86_64 1.2.1 NOTE
r-release-linux-x86_64 1.2.1 48.08 321.09 369.17 NOTE
r-release-macos-arm64 1.2.1 119.00 OK
r-release-macos-x86_64 1.2.1 226.00 OK
r-release-windows-x86_64 1.2.1 65.00 316.00 381.00 OK
r-oldrel-macos-arm64 1.2.1 98.00 OK
r-oldrel-macos-x86_64 1.2.1 144.00 OK
r-oldrel-windows-x86_64 1.2.1 62.00 313.00 375.00 OK

Additional issues

donttest

Check Details

Version: 1.2.1
Check: for non-standard things in the check directory
Result: NOTE
    Found the following files/directories:
     ‘vdendool_mode_01_int_predictor.grd’
     ‘vdendool_mode_01_int_predictor.gri’
     ‘vdendool_mode_01_int_response.grd’
     ‘vdendool_mode_01_int_response.gri’
     ‘vdendool_mode_01_p_predictor.grd’ ‘vdendool_mode_01_p_predictor.gri’
     ‘vdendool_mode_01_p_response.grd’ ‘vdendool_mode_01_p_response.gri’
     ‘vdendool_mode_01_r_predictor.grd’ ‘vdendool_mode_01_r_predictor.gri’
     ‘vdendool_mode_01_r_response.grd’ ‘vdendool_mode_01_r_response.gri’
     ‘vdendool_mode_01_resid_predictor.grd’
     ‘vdendool_mode_01_resid_predictor.gri’
     ‘vdendool_mode_01_resid_response.grd’
     ‘vdendool_mode_01_resid_response.gri’
     ‘vdendool_mode_01_rsq_predictor.grd’
     ‘vdendool_mode_01_rsq_predictor.gri’
     ‘vdendool_mode_01_rsq_response.grd’
     ‘vdendool_mode_01_rsq_response.gri’
     ‘vdendool_mode_01_rsq_sums_predictor.grd’
     ‘vdendool_mode_01_rsq_sums_predictor.gri’
     ‘vdendool_mode_01_slp_predictor.grd’
     ‘vdendool_mode_01_slp_predictor.gri’
     ‘vdendool_mode_01_slp_response.grd’
     ‘vdendool_mode_01_slp_response.gri’
     ‘vdendool_mode_02_int_predictor.grd’
     ‘vdendool_mode_02_int_predictor.gri’
     ‘vdendool_mode_02_int_response.grd’
     ‘vdendool_mode_02_int_response.gri’
     ‘vdendool_mode_02_p_predictor.grd’ ‘vdendool_mode_02_p_predictor.gri’
     ‘vdendool_mode_02_p_response.grd’ ‘vdendool_mode_02_p_response.gri’
     ‘vdendool_mode_02_r_predictor.grd’ ‘vdendool_mode_02_r_predictor.gri’
     ‘vdendool_mode_02_r_response.grd’ ‘vdendool_mode_02_r_response.gri’
     ‘vdendool_mode_02_resid_predictor.grd’
     ‘vdendool_mode_02_resid_predictor.gri’
     ‘vdendool_mode_02_resid_response.grd’
     ‘vdendool_mode_02_resid_response.gri’
     ‘vdendool_mode_02_rsq_predictor.grd’
     ‘vdendool_mode_02_rsq_predictor.gri’
     ‘vdendool_mode_02_rsq_response.grd’
     ‘vdendool_mode_02_rsq_response.gri’
     ‘vdendool_mode_02_rsq_sums_predictor.grd’
     ‘vdendool_mode_02_rsq_sums_predictor.gri’
     ‘vdendool_mode_02_slp_predictor.grd’
     ‘vdendool_mode_02_slp_predictor.gri’
     ‘vdendool_mode_02_slp_response.grd’
     ‘vdendool_mode_02_slp_response.gri’
Flavors: r-devel-linux-x86_64-debian-clang, r-devel-linux-x86_64-debian-gcc, r-devel-linux-x86_64-fedora-clang, r-devel-linux-x86_64-fedora-gcc, r-patched-linux-x86_64, r-release-linux-x86_64

Version: 1.2.1
Check: compiled code
Result: NOTE
    File ‘remote/libs/remote.so’:
     Found no calls to: ‘R_registerRoutines’, ‘R_useDynamicSymbols’
    
    It is good practice to register native routines and to disable symbol
    search.
    
    See ‘Writing portable packages’ in the ‘Writing R Extensions’ manual.
Flavors: r-devel-linux-x86_64-fedora-clang, r-devel-linux-x86_64-fedora-gcc