Last updated on 2024-03-28 07:53:01 CET.
Flavor | Version | Tinstall | Tcheck | Ttotal | Status | Flags |
---|---|---|---|---|---|---|
r-devel-linux-x86_64-debian-clang | 1.0.2 | 15.35 | 204.12 | 219.47 | OK | |
r-devel-linux-x86_64-debian-gcc | 1.0.2 | 14.32 | 154.35 | 168.67 | OK | |
r-devel-linux-x86_64-fedora-clang | 1.0.2 | 274.67 | OK | |||
r-devel-linux-x86_64-fedora-gcc | 1.0.2 | 280.60 | OK | |||
r-devel-windows-x86_64 | 1.0.2 | 17.00 | 158.00 | 175.00 | OK | |
r-patched-linux-x86_64 | 1.0.2 | 12.65 | 197.67 | 210.32 | OK | |
r-release-linux-x86_64 | 1.0.2 | 12.47 | 200.74 | 213.21 | OK | |
r-release-macos-arm64 | 1.0.2 | 89.00 | OK | |||
r-release-macos-x86_64 | 1.0.2 | 129.00 | NOTE | |||
r-release-windows-x86_64 | 1.0.2 | 22.00 | 190.00 | 212.00 | OK | |
r-oldrel-macos-arm64 | 1.0.2 | 87.00 | OK | |||
r-oldrel-windows-x86_64 | 1.0.2 | 23.00 | 195.00 | 218.00 | OK |
Version: 1.0.2
Check: package dependencies
Result: NOTE
Package suggested but not available for checking: ‘ggpubr’
Flavor: r-release-macos-x86_64