Last updated on 2024-04-26 19:49:22 CEST.
Flavor | Version | Tinstall | Tcheck | Ttotal | Status | Flags |
---|---|---|---|---|---|---|
r-devel-linux-x86_64-debian-clang | 2.1 | 5.18 | 61.07 | 66.25 | OK | |
r-devel-linux-x86_64-debian-gcc | 2.1 | 4.47 | 44.68 | 49.15 | OK | |
r-devel-linux-x86_64-fedora-clang | 2.1 | 83.11 | NOTE | |||
r-devel-linux-x86_64-fedora-gcc | 2.1 | 91.26 | NOTE | |||
r-devel-windows-x86_64 | 2.1 | 5.00 | 80.00 | 85.00 | OK | |
r-patched-linux-x86_64 | 2.1 | 7.33 | 56.27 | 63.60 | OK | |
r-release-linux-x86_64 | 2.1 | 5.91 | 55.65 | 61.56 | OK | |
r-release-macos-arm64 | 2.1 | 28.00 | OK | |||
r-release-macos-x86_64 | 2.1 | 85.00 | OK | |||
r-release-windows-x86_64 | 2.1 | 6.00 | 79.00 | 85.00 | OK | |
r-oldrel-macos-arm64 | 2.1 | 36.00 | OK | |||
r-oldrel-macos-x86_64 | 2.1 | 92.00 | OK | |||
r-oldrel-windows-x86_64 | 2.1 | 8.00 | 87.00 | 95.00 | OK |
Version: 2.1
Check: data for non-ASCII characters
Result: NOTE
Note: found 1 marked UTF-8 string
Flavors: r-devel-linux-x86_64-fedora-clang, r-devel-linux-x86_64-fedora-gcc