Last updated on 2023-06-09 19:56:33 CEST.
Flavor | Version | Tinstall | Tcheck | Ttotal | Status | Flags |
---|---|---|---|---|---|---|
r-devel-linux-x86_64-debian-clang | 2.2-6 | 16.59 | 120.42 | 137.01 | NOTE | |
r-devel-linux-x86_64-debian-gcc | 2.2-6 | 14.60 | 90.78 | 105.38 | NOTE | |
r-devel-linux-x86_64-fedora-clang | 2.2-6 | 170.16 | NOTE | |||
r-devel-linux-x86_64-fedora-gcc | 2.2-6 | 162.90 | NOTE | |||
r-devel-windows-x86_64 | 2.2-6 | 14.00 | 100.00 | 114.00 | NOTE | |
r-patched-linux-x86_64 | 2.2-6 | 15.78 | 113.83 | 129.61 | NOTE | |
r-release-linux-x86_64 | 2.2-6 | 15.14 | 114.04 | 129.18 | NOTE | |
r-release-macos-arm64 | 2.2-6 | 51.00 | NOTE | |||
r-release-macos-x86_64 | 2.2-6 | 84.00 | NOTE | |||
r-release-windows-x86_64 | 2.2-6 | 19.00 | 126.00 | 145.00 | NOTE | |
r-oldrel-macos-arm64 | 2.2-6 | 43.00 | OK | |||
r-oldrel-macos-x86_64 | 2.2-6 | 59.00 | OK | |||
r-oldrel-windows-x86_64 | 2.2-6 | 21.00 | 116.00 | 137.00 | OK |
Version: 2.2-6
Check: Rd files
Result: NOTE
checkRd: (-1) calc.relimp.Rd:41: Escaped LaTeX specials: \~
checkRd: (-1) classesmethods.relaimpo.Rd:27: Escaped LaTeX specials: \$
checkRd: (-1) classesmethods.relaimpo.Rd:104: Escaped LaTeX specials: \$
checkRd: (-1) mianalyze.relimp.Rd:69: Escaped LaTeX specials: \~
checkRd: (-1) mianalyze.relimp.Rd:73: Escaped LaTeX specials: \~
checkRd: (-1) relimplm-class.Rd:63: Escaped LaTeX specials: \$
checkRd: (-1) relimplmbootMI-class.Rd:121: Escaped LaTeX specials: \$
checkRd: (-1) relimplmbooteval-class.Rd:146: Escaped LaTeX specials: \$
Flavors: r-devel-linux-x86_64-debian-clang, r-devel-linux-x86_64-debian-gcc, r-devel-linux-x86_64-fedora-clang, r-devel-linux-x86_64-fedora-gcc, r-devel-windows-x86_64, r-patched-linux-x86_64, r-release-linux-x86_64, r-release-macos-arm64, r-release-macos-x86_64, r-release-windows-x86_64