Last updated on 2024-04-23 19:50:56 CEST.
Flavor | Version | Tinstall | Tcheck | Ttotal | Status | Flags |
---|---|---|---|---|---|---|
r-devel-linux-x86_64-debian-clang | 3.0.2 | 31.58 | 190.90 | 222.48 | NOTE | |
r-devel-linux-x86_64-debian-gcc | 3.0.2 | 20.15 | 139.60 | 159.75 | NOTE | |
r-devel-linux-x86_64-fedora-clang | 3.0.2 | 270.25 | NOTE | |||
r-devel-linux-x86_64-fedora-gcc | 3.0.2 | 270.65 | NOTE | |||
r-prerel-macos-arm64 | 3.0.2 | 66.00 | NOTE | |||
r-prerel-windows-x86_64 | 3.0.2 | 26.00 | 138.00 | 164.00 | NOTE | |
r-patched-linux-x86_64 | 3.0.2 | 19.27 | 178.11 | 197.38 | NOTE | |
r-release-linux-x86_64 | 3.0.2 | 27.72 | 181.97 | 209.69 | OK | |
r-release-macos-arm64 | 3.0.2 | 62.00 | OK | |||
r-release-macos-x86_64 | 3.0.2 | 142.00 | OK | |||
r-release-windows-x86_64 | 3.0.2 | 32.00 | 179.00 | 211.00 | OK | |
r-oldrel-macos-arm64 | 3.0.2 | 68.00 | OK | |||
r-oldrel-windows-x86_64 | 3.0.2 | 33.00 | 173.00 | 206.00 | OK |
Version: 3.0.2
Check: Rd files
Result: NOTE
checkRd: (-1) app_server.Rd:10: Lost braces; missing escapes or markup?
10 | \item{input, output, session}{Internal parameters for {shiny}.
| ^
Flavors: r-devel-linux-x86_64-debian-clang, r-devel-linux-x86_64-debian-gcc, r-devel-linux-x86_64-fedora-clang, r-devel-linux-x86_64-fedora-gcc, r-prerel-macos-arm64, r-prerel-windows-x86_64, r-patched-linux-x86_64
Version: 3.0.2
Check: Rd cross-references
Result: NOTE
Undeclared packages ‘gbm’, ‘randomForest’ in Rd xrefs
Flavor: r-devel-linux-x86_64-fedora-clang