CRAN Package Check Results for Package regressoR

Last updated on 2024-02-28 07:53:53 CET.

Flavor Version Tinstall Tcheck Ttotal Status Flags
r-devel-linux-x86_64-debian-clang 3.0.2 31.70 192.44 224.14 NOTE
r-devel-linux-x86_64-debian-gcc 3.0.2 21.37 141.29 162.66 NOTE
r-devel-linux-x86_64-fedora-clang 3.0.2 276.41 NOTE
r-devel-linux-x86_64-fedora-gcc 3.0.2 256.92 NOTE
r-devel-windows-x86_64 3.0.2 25.00 151.00 176.00 OK
r-patched-linux-x86_64 3.0.2 26.77 186.84 213.61 OK
r-release-linux-x86_64 3.0.2 19.16 187.37 206.53 OK
r-release-macos-arm64 3.0.2 62.00 OK
r-release-macos-x86_64 3.0.2 142.00 OK
r-release-windows-x86_64 3.0.2 34.00 174.00 208.00 OK
r-oldrel-macos-arm64 3.0.2 68.00 OK
r-oldrel-windows-x86_64 3.0.2 33.00 171.00 204.00 OK

Check Details

Version: 3.0.2
Check: Rd files
Result: NOTE checkRd: (-1) app_server.Rd:10: Lost braces; missing escapes or markup? 10 | \item{input, output, session}{Internal parameters for {shiny}. | ^ Flavors: r-devel-linux-x86_64-debian-clang, r-devel-linux-x86_64-debian-gcc, r-devel-linux-x86_64-fedora-clang, r-devel-linux-x86_64-fedora-gcc

Version: 3.0.2
Check: Rd cross-references
Result: NOTE Undeclared packages ‘gbm’, ‘randomForest’ in Rd xrefs Flavor: r-devel-linux-x86_64-fedora-clang