Last updated on 2024-04-23 07:51:17 CEST.
Flavor | Version | Tinstall | Tcheck | Ttotal | Status | Flags |
---|---|---|---|---|---|---|
r-devel-linux-x86_64-debian-clang | 1.0.1 | 191.56 | 61.09 | 252.65 | OK | |
r-devel-linux-x86_64-debian-gcc | 1.0.1 | 132.94 | 44.37 | 177.31 | OK | |
r-devel-linux-x86_64-fedora-clang | 1.0.1 | 371.62 | OK | |||
r-devel-linux-x86_64-fedora-gcc | 1.0.1 | 347.49 | OK | |||
r-prerel-macos-arm64 | 1.0.1 | 77.00 | NOTE | |||
r-prerel-macos-x86_64 | 1.0.1 | 92.00 | NOTE | |||
r-prerel-windows-x86_64 | 1.0.1 | 138.00 | 88.00 | 226.00 | OK | |
r-patched-linux-x86_64 | 1.0.1 | 173.53 | 58.31 | 231.84 | OK | |
r-release-linux-x86_64 | 1.0.1 | 171.00 | 58.73 | 229.73 | OK | |
r-release-macos-arm64 | 1.0.1 | 68.00 | NOTE | |||
r-release-macos-x86_64 | 1.0.1 | 98.00 | NOTE | |||
r-release-windows-x86_64 | 1.0.1 | 174.00 | 99.00 | 273.00 | OK | |
r-oldrel-macos-arm64 | 1.0.1 | 68.00 | NOTE | |||
r-oldrel-windows-x86_64 | 1.0.1 | 162.00 | 98.00 | 260.00 | OK |
Version: 1.0.1
Check: installed package size
Result: NOTE
installed size is 7.3Mb
sub-directories of 1Mb or more:
data 2.4Mb
libs 4.8Mb
Flavors: r-prerel-macos-arm64, r-prerel-macos-x86_64, r-release-macos-arm64, r-release-macos-x86_64, r-oldrel-macos-arm64