CRAN Package Check Results for Package regmedint

Last updated on 2023-05-27 19:56:34 CEST.

Flavor Version Tinstall Tcheck Ttotal Status Flags
r-devel-linux-x86_64-debian-clang 1.0.0 9.69 227.48 237.17 OK
r-devel-linux-x86_64-debian-gcc 1.0.0 9.76 172.60 182.36 OK
r-devel-linux-x86_64-fedora-clang 1.0.0 291.06 NOTE
r-devel-linux-x86_64-fedora-gcc 1.0.0 306.30 NOTE
r-devel-windows-x86_64 1.0.0 10.00 187.00 197.00 OK
r-patched-linux-x86_64 1.0.0 11.24 218.31 229.55 OK
r-release-linux-x86_64 1.0.0 12.14 217.12 229.26 OK
r-release-macos-arm64 1.0.0 117.00 OK
r-release-macos-x86_64 1.0.0 183.00 OK
r-release-windows-x86_64 1.0.0 12.00 239.00 251.00 OK
r-oldrel-macos-arm64 1.0.0 67.00 NOTE
r-oldrel-macos-x86_64 1.0.0 103.00 NOTE
r-oldrel-windows-x86_64 1.0.0 13.00 235.00 248.00 OK

Check Details

Version: 1.0.0
Check: dependencies in R code
Result: NOTE
    Namespace in Imports field not imported from: ‘Deriv’
     All declared Imports should be used.
Flavors: r-devel-linux-x86_64-fedora-clang, r-devel-linux-x86_64-fedora-gcc, r-oldrel-macos-arm64, r-oldrel-macos-x86_64