Last updated on 2023-10-01 19:57:55 CEST.
Flavor | Version | Tinstall | Tcheck | Ttotal | Status | Flags |
---|---|---|---|---|---|---|
r-devel-linux-x86_64-debian-clang | 1.2-7 | 11.12 | 78.02 | 89.14 | OK | |
r-devel-linux-x86_64-debian-gcc | 1.2-7 | 8.87 | 59.48 | 68.35 | OK | |
r-devel-linux-x86_64-fedora-clang | 1.2-7 | 108.66 | NOTE | |||
r-devel-linux-x86_64-fedora-gcc | 1.2-7 | 103.08 | OK | |||
r-devel-windows-x86_64 | 1.2-7 | 13.00 | 78.00 | 91.00 | OK | |
r-patched-linux-x86_64 | 1.2-7 | 11.11 | 75.05 | 86.16 | OK | |
r-release-linux-x86_64 | 1.2-7 | 11.47 | 77.01 | 88.48 | OK | |
r-release-macos-arm64 | 1.2-7 | 38.00 | OK | |||
r-release-macos-x86_64 | 1.2-7 | 86.00 | OK | |||
r-release-windows-x86_64 | 1.2-7 | 17.00 | 85.00 | 102.00 | OK | |
r-oldrel-macos-arm64 | 1.2-7 | 36.00 | OK | |||
r-oldrel-macos-x86_64 | 1.2-7 | 52.00 | OK | |||
r-oldrel-windows-x86_64 | 1.2-7 | 15.00 | 88.00 | 103.00 | OK |
Version: 1.2-7
Check: Rd cross-references
Result: NOTE
Undeclared package ‘monomvn’ in Rd xrefs
Flavor: r-devel-linux-x86_64-fedora-clang