Last updated on 2024-03-29 07:54:54 CET.
Flavor | Version | Tinstall | Tcheck | Ttotal | Status | Flags |
---|---|---|---|---|---|---|
r-devel-linux-x86_64-debian-clang | 0.1.8 | 7.89 | 91.95 | 99.84 | NOTE | |
r-devel-linux-x86_64-debian-gcc | 0.1.8 | 8.46 | 69.09 | 77.55 | NOTE | |
r-devel-linux-x86_64-fedora-clang | 0.1.8 | 130.03 | NOTE | |||
r-devel-linux-x86_64-fedora-gcc | 0.1.8 | 141.60 | NOTE | |||
r-devel-windows-x86_64 | 0.1.8 | 11.00 | 95.00 | 106.00 | NOTE | |
r-patched-linux-x86_64 | 0.1.8 | 8.80 | 87.51 | 96.31 | NOTE | |
r-release-linux-x86_64 | 0.1.8 | 7.38 | 85.41 | 92.79 | OK | |
r-release-macos-arm64 | 0.1.8 | 55.00 | OK | |||
r-release-macos-x86_64 | 0.1.8 | 86.00 | OK | |||
r-release-windows-x86_64 | 0.1.8 | 16.00 | 109.00 | 125.00 | OK | |
r-oldrel-macos-arm64 | 0.1.8 | 44.00 | NOTE | |||
r-oldrel-windows-x86_64 | 0.1.8 | 16.00 | 114.00 | 130.00 | OK |
Version: 0.1.8
Check: Rd files
Result: NOTE
checkRd: (-1) impute_down_nuts.Rd:21: Lost braces
21 | NUTS typologies, defaults to code{"geo_var".}}
| ^
checkRd: (-1) validate_data_frame.Rd:19: Lost braces
19 | NUTS typologies, defaults to code{"geo_var".}}
| ^
Flavors: r-devel-linux-x86_64-debian-clang, r-devel-linux-x86_64-debian-gcc, r-devel-linux-x86_64-fedora-clang, r-devel-linux-x86_64-fedora-gcc, r-devel-windows-x86_64, r-patched-linux-x86_64
Version: 0.1.8
Check: data for non-ASCII characters
Result: NOTE
Note: found 2 marked Latin-1 strings
Note: found 50022 marked UTF-8 strings
Flavors: r-devel-linux-x86_64-fedora-clang, r-devel-linux-x86_64-fedora-gcc, r-oldrel-macos-arm64