Last updated on 2024-03-28 07:53:01 CET.
Flavor | Version | Tinstall | Tcheck | Ttotal | Status | Flags |
---|---|---|---|---|---|---|
r-devel-linux-x86_64-debian-clang | 1.2.2 | 9.41 | 109.03 | 118.44 | OK | |
r-devel-linux-x86_64-debian-gcc | 1.2.2 | 10.04 | 80.87 | 90.91 | OK | |
r-devel-linux-x86_64-fedora-clang | 1.2.2 | 149.35 | NOTE | |||
r-devel-linux-x86_64-fedora-gcc | 1.2.2 | 147.77 | NOTE | |||
r-devel-windows-x86_64 | 1.2.2 | 11.00 | 109.00 | 120.00 | OK | |
r-patched-linux-x86_64 | 1.2.2 | 8.95 | 108.83 | 117.78 | OK | |
r-release-linux-x86_64 | 1.2.2 | 8.22 | 108.73 | 116.95 | OK | |
r-release-macos-arm64 | 1.2.2 | 49.00 | OK | |||
r-release-macos-x86_64 | 1.2.2 | 88.00 | OK | |||
r-release-windows-x86_64 | 1.2.2 | 15.00 | 125.00 | 140.00 | OK | |
r-oldrel-macos-arm64 | 1.2.2 | 49.00 | NOTE | |||
r-oldrel-windows-x86_64 | 1.2.2 | 16.00 | 133.00 | 149.00 | OK |
Version: 1.2.2
Check: dependencies in R code
Result: NOTE
Namespaces in Imports field not imported from:
‘SemiPar’ ‘caret’ ‘dplyr’ ‘scales’
All declared Imports should be used.
Flavors: r-devel-linux-x86_64-fedora-clang, r-devel-linux-x86_64-fedora-gcc, r-oldrel-macos-arm64