Last updated on 2024-04-23 19:50:56 CEST.
Flavor | Version | Tinstall | Tcheck | Ttotal | Status | Flags |
---|---|---|---|---|---|---|
r-devel-linux-x86_64-debian-clang | 0.1.1 | 5.13 | 90.12 | 95.25 | NOTE | |
r-devel-linux-x86_64-debian-gcc | 0.1.1 | 4.53 | 66.62 | 71.15 | NOTE | |
r-devel-linux-x86_64-fedora-clang | 0.1.1 | 118.63 | NOTE | |||
r-devel-linux-x86_64-fedora-gcc | 0.1.1 | 125.13 | NOTE | |||
r-prerel-macos-arm64 | 0.1.1 | 40.00 | NOTE | |||
r-prerel-windows-x86_64 | 0.1.1 | 7.00 | 95.00 | 102.00 | NOTE | |
r-patched-linux-x86_64 | 0.1.1 | 7.02 | 83.90 | 90.92 | NOTE | |
r-release-linux-x86_64 | 0.1.1 | 5.06 | 84.90 | 89.96 | OK | |
r-release-macos-arm64 | 0.1.1 | 44.00 | OK | |||
r-release-macos-x86_64 | 0.1.1 | 75.00 | OK | |||
r-release-windows-x86_64 | 0.1.1 | 10.00 | 109.00 | 119.00 | OK | |
r-oldrel-macos-arm64 | 0.1.1 | 33.00 | OK | |||
r-oldrel-windows-x86_64 | 0.1.1 | 9.00 | 107.00 | 116.00 | OK |
Version: 0.1.1
Check: Rd files
Result: NOTE
checkRd: (-1) refdb_import_BOLD.Rd:63: Lost braces
63 | link[bold]{bold_stats} and \link[bold]{bold_seqspec}
| ^
Flavors: r-devel-linux-x86_64-debian-clang, r-devel-linux-x86_64-debian-gcc, r-devel-linux-x86_64-fedora-clang, r-devel-linux-x86_64-fedora-gcc, r-prerel-macos-arm64, r-prerel-windows-x86_64, r-patched-linux-x86_64